Climatological Summary Reports

Select a Year or Month report
2018: Jan Feb Mar Apr May Jun Jul Aug Sep Oct Nov Dec
2017: Jan Feb Mar Apr May Jun Jul Aug Sep Oct Nov Dec

Report for 2018
                   Annual Climatological Summary for 2018

Name: Westerhope   City: Newcastle upon Tyne   State: Tyne and Wear
Elevation: 120 m  Lat: N 55 00 00   Lon: W 001 42 00

                  Temperature (°C), Heat Base: 18.3  Cool Base: 18.3
                          Dep.  Heat  Cool                       Max  Max  Min  Min
        Mean  Mean        From  Deg   Deg                        >=   <=   <=   <=
 YR MO  Max   Min   Mean  Norm  Days  Days  Hi  Date  Low  Date 27.0  0.0  0.0 -18.0
------------------------------------------------------------------------------------
 18  1   6.5   2.0   4.2   0.6   436     0  13.2  28  -3.7    8    0    0    5    0
 18  2   5.0   0.2   2.4  -1.4   444     0   9.1  10  -4.7   28    0    1   13    0
 18  3   6.8   1.2   3.9  -1.7   431     0  12.4  24  -4.6    1    0    1    9    0
 18  4  12.2   5.2   8.2   0.9   303     2  23.5  19  -0.8    5    0    0    1    0
 18  5  17.7   7.5  12.3   2.4   189     9  25.2   6   1.2    1    0    0    0    0
 18  6  19.5   9.8  14.3   1.5   124    12  27.2  28   7.1   21    1    0    0    0
 18  7  22.8  12.8  17.5   2.4    62    36  27.7  26  10.3   29    2    0    0    0
 18  8  21.0  13.1  16.7   1.8    35    10  25.6   2   8.7   11    0    0    0    0
 18  9
 18 10
 18 11
 18 12
------------------------------------------------------------------------------------
        13.9   6.5   9.9   0.8  2023    68  27.7 Jul  -4.7  Feb    3    2   28    0

                                Precipitation (mm)

              Dep.   Max        Days of Rain
              From   Obs.           >=
 YR MO Total  Norm   Day Date  0.2  2.0 20.0
---------------------------------------------
 18  1  51.4  -0.3   9.0  18    23    9    0
 18  2  35.4  -7.0   6.8  19    18    5    0
 18  3  80.4  32.1  11.2   4    20   10    0
 18  4  50.2  -3.0  14.8   2    18    6    0
 18  5  23.8 -18.5   8.2  13    10    5    0
 18  6  13.4 -50.1   4.0   3     6    4    0
 18  7  34.0 -21.5  12.0  30    10    5    0
 18  8  42.2 -18.3  25.0  12    10    5    1
---------------------------------------------
       330.8 -86.6  25.0  Aug  115   49    1

                                Wind Speed (mph)
                          Dom
 YR MO   Avg.  Hi   Date  Dir
------------------------------
 18  1   3.8  41.0    3    SW
 18  2   2.5  29.0   15    SW
 18  3   3.1  31.0   23   ESE
 18  4   3.0  29.0   26    SW
 18  5   2.5  25.0    2    SW
 18  6   2.6  38.0   14    SW
 18  7   2.0  25.0   28    SW
 18  8   2.4  21.0   15    SW
 18  9
 18 10
 18 11
 18 12
------------------------------
         2.8  41.0  Jan    SW