Climatological Summary Reports

Select a Year or Month report
2019: Jan Feb Mar Apr May Jun Jul Aug Sep Oct Nov Dec
2018: Jan Feb Mar Apr May Jun Jul Aug Sep Oct Nov Dec
2017: Jan Feb Mar Apr May Jun Jul Aug Sep Oct Nov Dec

Report for 2019 October
                   Monthly Climatological Summary for Oct 2019

Name: Westerhope   City: Newcastle upon Tyne   State: Tyne and Wear
Elevation: 120 m  Lat: N 55 00 00   Lon: W 001 42 00

                  Temperature (°C), Rain (mm), Wind Speed (mph)

                                      Heat  Cool        Avg
    Mean                              Deg   Deg         Wind                 Dom
Day Temp  High   Time   Low    Time   Days  Days  Rain  Speed High   Time    Dir
----------------------------------------------------------------------------------
01   8.3  10.8   16:02   5.3   23:58  10.0   0.0   0.2   2.6  16.0   08:46    NE
02   7.5  12.7   16:00   2.4   06:40  10.8   0.0   0.0   1.9  16.0   11:36    NW
03   7.1  10.3   12:30   2.8   07:51  11.2   0.0   0.0   0.9   8.0   16:42    SW
04   9.9  11.0   14:25   8.2   00:00   8.4   0.0   0.0   0.9  11.0   10:47   ENE
05  10.4  12.4   15:15   8.0   04:03   7.9   0.0   0.0   0.1   7.0   22:59     S
06  10.3  11.2   00:00   9.4   04:21   8.0   0.0   0.2   1.2  12.0   12:40     E
07  10.6  13.7   17:26   9.1   05:36   7.7   0.0   0.0   1.8  14.0   15:58    SW
08  11.4  14.9   13:56   8.9   03:48   6.9   0.0   0.0   4.0  22.0   11:27    SW
09  10.3  13.0   15:11   8.9   18:57   8.0   0.0   0.0   4.8  20.0   11:46    SW
10  11.5  13.7   21:55   9.4   02:16   6.8   0.0   0.2   6.0  25.0   06:13    SW
11  11.8  14.6   14:43   9.7   08:02   6.5   0.0   0.0   5.6  25.0   15:21    SW
12  11.0  14.8   14:49   8.6   08:17   7.3   0.0   0.0   2.1  15.0   04:20    SW
13   9.0  10.8   14:43   6.8   06:14   9.3   0.0   0.0   0.3  14.0   23:27    SW
14   9.4  12.8   13:50   6.1   04:41   8.9   0.0   0.0   0.3  11.0   01:05    SW
15  10.0  13.6   15:27   7.8   23:36   8.3   0.0   0.0   0.8   8.0   10:49   WNW
16   9.7  12.7   15:11   6.4   23:59   8.6   0.0   0.0   1.8  17.0   13:22    SW
----------------------------------------------------------------------------------
     9.9  14.9     8     2.4     2   134.6   0.0   0.6   2.2  25.0    10      SW

Max >=  27.0  0
Max <=   0.0  0
Min <=   0.0  0
Min <= -18.0  0
Max Rain: 0.2 on day 1
Days of Rain: 3 (>= 0.2 mm)  0 (>= 2.0 mm)  0 (>= 20.0 mm)
Heat Base: 18.3  Cool Base: 18.3  Method: Integration