Climatological Summary Reports

Select a Year or Month report
2019: Jan Feb Mar Apr May Jun Jul Aug Sep Oct Nov Dec
2018: Jan Feb Mar Apr May Jun Jul Aug Sep Oct Nov Dec
2017: Jan Feb Mar Apr May Jun Jul Aug Sep Oct Nov Dec

Report for 2019 February
                   Monthly Climatological Summary for Feb 2019

Name: Westerhope   City: Newcastle upon Tyne   State: Tyne and Wear
Elevation: 120 m  Lat: N 55 00 00   Lon: W 001 42 00

                  Temperature (°C), Rain (mm), Wind Speed (mph)

                                      Heat  Cool        Avg
    Mean                              Deg   Deg         Wind                 Dom
Day Temp  High   Time   Low    Time   Days  Days  Rain  Speed High   Time    Dir
----------------------------------------------------------------------------------
01  -0.2   1.9   13:43  -1.3   03:52  18.5   0.0   0.8   1.4  10.0   06:34     N
02  -0.6   2.6   13:00  -2.9   23:59  18.9   0.0   2.0   2.2  15.0   13:01    NW
03   0.9   5.8   23:07  -4.9   04:50  17.4   0.0   1.8   2.7  16.0   11:28    SW
04   5.5   7.8   14:04   1.8   23:18  12.8   0.0   0.2   4.1  23.0   10:03    SW
05   2.7   8.7   23:48  -0.9   07:45  15.6   0.0   1.6   1.6  13.0   16:45   SSW
06   6.0   8.7   15:06   3.7   08:28  12.3   0.0   0.2   3.3  19.0   12:28    SW
07   4.6   6.7   14:51   3.2   06:54  13.7   0.0   4.2   2.9  20.0   15:26    SW
08   6.9  10.5   12:51   3.8   00:06  11.4   0.0   0.6   6.9  31.0   21:12   SSW
09   6.0   8.6   13:09   2.9   03:24  12.3   0.0   2.6   9.5  38.0   10:18    SW
10   3.6   6.8   14:27   1.8   23:57  14.7   0.0   0.0   2.1  14.0   15:43    SW
11   3.9   7.9   13:52   1.2   23:56  14.4   0.0   0.0   1.4  10.0   04:40   WSW
12   7.7  11.3   15:46   1.2   00:00  10.6   0.0   0.0   4.2  26.0   15:10    SW
13   8.9   9.8   13:12   8.1   20:53   9.5   0.0   0.0   6.7  24.0   13:36    SW
14   8.2  11.4   14:49   3.8   23:50  10.1   0.0   0.0   1.7  15.0   05:06    SW
15   7.3  14.7   14:38   0.7   08:56  11.0   0.0   0.0   2.0  15.0   23:22   SSW
16   9.8  12.0   13:07   7.7   18:50   8.5   0.0   0.0   4.8  25.0   02:43    SW
17   9.1  12.6   13:24   6.4   21:59   9.2   0.0   0.0   4.4  24.0   14:35   SSW
----------------------------------------------------------------------------------
     5.3  14.7    15    -4.9     3   220.9   0.0  14.0   3.6  38.0     9      SW

Max >=  27.0  0
Max <=   0.0  0
Min <=   0.0  4
Min <= -18.0  0
Max Rain: 4.2 on day 7
Days of Rain: 9 (>= 0.2 mm)  3 (>= 2.0 mm)  0 (>= 20.0 mm)
Heat Base: 18.3  Cool Base: 18.3  Method: Integration