Climatological Summary Reports

Select a Year or Month report
2018: Jan Feb Mar Apr May Jun Jul Aug Sep Oct Nov Dec
2017: Jan Feb Mar Apr May Jun Jul Aug Sep Oct Nov Dec

Report for 2018 October
                   Monthly Climatological Summary for Oct 2018

Name: Westerhope   City: Newcastle upon Tyne   State: Tyne and Wear
Elevation: 120 m  Lat: N 55 00 00   Lon: W 001 42 00

                  Temperature (°C), Rain (mm), Wind Speed (mph)

                                      Heat  Cool        Avg
    Mean                              Deg   Deg         Wind                 Dom
Day Temp  High   Time   Low    Time   Days  Days  Rain  Speed High   Time    Dir
----------------------------------------------------------------------------------
01   7.4  11.1   23:59   2.6   07:39  10.9   0.0   0.4   2.3  15.0   14:10   WSW
02  11.7  14.3   14:58   8.7   23:56   6.6   0.0   0.2   5.5  25.0   05:09    SW
03  11.6  15.2   16:08   8.1   03:46   6.7   0.0   0.0   3.1  16.0   16:35    SW
04  14.4  17.0   14:09  12.8   23:46   3.9   0.0   0.8   3.6  26.0   12:45    SW
05   8.7  12.8   00:00   7.0   07:10   9.6   0.0   7.2   0.6   9.0   02:34    NW
06   7.3  12.1   15:10   3.4   23:56  11.0   0.0   0.0   1.4  10.0   13:53   NNW
07   7.8  12.9   23:58   1.5   06:14  10.5   0.0   0.0   5.3  24.0   20:50    SW
08  13.9  16.1   12:43  12.6   03:24   4.4   0.0   0.4   6.9  25.0   01:23    SW
09  14.2  17.1   15:00  12.1   22:04   4.1   0.0   0.0   6.9  25.0   01:19    SW
10  13.5  20.4   15:20   9.0   07:26   4.9   0.2   0.0   1.1  12.0   00:02     S
11  13.9  18.5   15:18  10.6   23:46   4.4   0.0   0.2   1.3  18.0   13:59   SSW
12  13.8  18.2   18:57   9.0   03:45   4.5   0.0   5.2   4.4  30.0   16:39   SSW
13  16.5  20.3   15:48  13.3   04:44   2.2   0.4   4.6   3.8  25.0   15:25   SSW
14   9.8  16.2   00:02   4.7   23:59   8.5   0.0   0.2   1.8  22.0   02:32    SW
15   6.6  13.8   15:23   2.6   05:09  11.7   0.0   0.0   1.4   7.0   02:38    SW
16  11.3  16.1   13:43   5.5   00:25   7.0   0.0   0.0   2.4  23.0   14:26   SSW
17  11.1  15.1   15:22   5.8   23:59   7.2   0.0   0.0   1.6  14.0   13:31    SW
18   7.0  13.3   15:06   3.3   07:56  11.3   0.0   0.2   1.6   9.0   03:19    SW
19   8.5  14.1   15:24   3.0   02:15   9.7   0.0   0.0   2.1  19.0   15:47    SW
20  12.7  16.2   12:28   9.3   02:04   5.6   0.0   0.0   2.7  17.0   12:15    SW
----------------------------------------------------------------------------------
    11.1  20.4    10     1.5     7   144.7   0.6  19.4   3.0  30.0    12      SW

Max >=  27.0  0
Max <=   0.0  0
Min <=   0.0  0
Min <= -18.0  0
Max Rain: 7.2 on day 5
Days of Rain: 10 (>= 0.2 mm)  3 (>= 2.0 mm)  0 (>= 20.0 mm)
Heat Base: 18.3  Cool Base: 18.3  Method: Integration