Climatological Summary Reports

Select a Year or Month report
2018: Jan Feb Mar Apr May Jun Jul Aug Sep Oct Nov Dec
2017: Jan Feb Mar Apr May Jun Jul Aug Sep Oct Nov Dec

Report for 2018 December
                   Monthly Climatological Summary for Dec 2018

Name: Westerhope   City: Newcastle upon Tyne   State: Tyne and Wear
Elevation: 120 m  Lat: N 55 00 00   Lon: W 001 42 00

                  Temperature (°C), Rain (mm), Wind Speed (mph)

                                      Heat  Cool        Avg
    Mean                              Deg   Deg         Wind                 Dom
Day Temp  High   Time   Low    Time   Days  Days  Rain  Speed High   Time    Dir
----------------------------------------------------------------------------------
01   5.5   6.9   16:16   3.9   05:03  12.8   0.0   3.8   0.9  11.0   00:46   SSW
02   8.1  11.3   20:07   5.7   03:48  10.2   0.0   1.6   1.6  21.0   20:56    SW
03   5.2  10.2   00:11   1.2   23:59  13.1   0.0   0.0   3.1  22.0   03:16   WSW
04   1.6   4.4   13:38  -1.5   07:39  16.7   0.0   0.2   1.5   8.0   03:20    SW
05   3.3   5.9   15:58   0.0   05:17  15.0   0.0   4.6   0.6  10.0   23:37     S
06   8.7  12.4   14:34   4.8   00:00   9.6   0.0   0.2   2.8  19.0   10:42    SW
07   8.0  12.3   05:41   5.8   16:49  10.3   0.0   2.2   7.4  36.0   22:39    SW
08   7.4   8.9   11:56   4.9   17:40  10.9   0.0   2.0   7.6  36.0   08:29    SW
09   4.0   6.4   13:39   1.8   23:05  14.3   0.0   0.2   1.9  13.0   12:15     W
10   2.4   5.5   13:47   1.0   23:45  15.9   0.0   0.0   1.1   8.0   03:07    SW
11   3.7   6.1   15:15   1.0   00:00  14.6   0.0   0.0   0.7  13.0   19:12     S
12   4.2   6.4   13:19   2.2   23:17  14.0   0.0   0.0   1.3  14.0   22:00     S
13   4.2   5.2   12:46   2.7   00:00  14.1   0.0   0.0   1.1  10.0   10:37     S
14   1.6   4.4   00:07  -0.6   23:50  16.7   0.0   0.0   0.7   9.0   23:44     S
15   0.8   3.3   23:57  -0.6   00:00  17.5   0.0   5.2   2.3  20.0   14:17   SSW
16   5.2   7.3   12:11   3.3   00:00  13.1   0.0   5.2   3.1  31.0   02:12    SW
17   4.9   6.7   13:13   3.3   05:56  13.4   0.0   1.2   1.1  15.0   23:07   SSW
----------------------------------------------------------------------------------
     4.6  12.4     6    -1.5     4   232.2   0.0  26.4   2.3  36.0     7      SW

Max >=  27.0  0
Max <=   0.0  0
Min <=   0.0  4
Min <= -18.0  0
Max Rain: 5.2 on day 15
Days of Rain: 11 (>= 0.2 mm)  6 (>= 2.0 mm)  0 (>= 20.0 mm)
Heat Base: 18.3  Cool Base: 18.3  Method: Integration