Climatological Summary Reports

Select a Year or Month report
2018: Jan Feb Mar Apr May Jun Jul Aug Sep Oct Nov Dec
2017: Jan Feb Mar Apr May Jun Jul Aug Sep Oct Nov Dec

Report for 2018 June
                   Monthly Climatological Summary for Jun 2018

Name: Westerhope   City: Newcastle upon Tyne   State: Tyne and Wear
Elevation: 120 m  Lat: N 55 00 00   Lon: W 001 42 00

                  Temperature (°C), Rain (mm), Wind Speed (mph)

                                      Heat  Cool        Avg
    Mean                              Deg   Deg         Wind                 Dom
Day Temp  High   Time   Low    Time   Days  Days  Rain  Speed High   Time    Dir
----------------------------------------------------------------------------------
02  16.9  23.9   14:30  11.9   05:00   2.3   1.2   0.0  ----  11.0   16:00    SE
03  14.3  20.4   16:58  12.4   23:12   1.2   0.0   4.0   0.8   8.0   16:58   ENE
04  12.0  14.8   16:02   9.7   23:43   6.3   0.0   0.0   2.0  11.0   14:07    NE
05  12.0  17.1   16:22   9.2   04:29   6.3   0.0   0.0   2.7  13.0   11:36   NNE
06  11.7  15.5   16:24   9.3   23:47   6.6   0.0   0.0   2.0  10.0   09:01   NNE
07  12.8  17.6   12:43   9.2   03:44   5.5   0.0   0.0   1.8  11.0   13:20    NE
08  12.1  16.9   17:49   9.8   23:55   6.2   0.0   0.0   1.6   9.0   16:53    NE
09  13.0  19.7   15:36   9.3   01:53   5.3   0.1   0.0   0.8   8.0   14:30   ENE
10  14.5  22.2   13:34   7.9   05:23   4.1   0.3   2.4   0.8  10.0   14:27   ESE
11  14.0  19.9   13:00  10.7   04:21   4.3   0.0   0.2   1.9  12.0   15:00   NNE
12  13.9  18.1   13:53  10.2   04:32   4.4   0.0   0.0   1.4  11.0   12:01   NNE
13  14.4  18.4   14:36   9.1   05:07   3.9   0.0   1.0   3.5  19.0   22:55    SW
14  15.0  17.7   16:05  10.4   23:56   3.3   0.0   0.0   8.4  38.0   09:54    SW
15  12.4  14.7   16:27   9.7   03:28   5.9   0.0   0.0   3.0  15.0   09:17    SW
16  12.2  15.6   15:18   8.9   04:28   6.1   0.0   3.0   2.0  15.0   18:14    SW
17  13.3  17.2   14:04   7.6   04:09   5.0   0.0   0.0   3.2  16.0   16:38    SW
18  14.9  18.4   15:36  12.7   06:43   3.4   0.0   0.0   6.5  24.0   08:04    SW
19  13.1  16.8   16:50   9.3   04:25   5.2   0.0   2.8   3.1  17.0   01:13    SW
20  14.9  18.2   11:53   9.3   23:46   3.4   0.0   0.0   4.9  28.0   04:55    SW
21  12.9  18.6   16:02   7.1   04:54   5.4   0.0   0.0   4.0  17.0   01:30   NNW
22  14.0  20.2   15:22   7.2   04:50   4.4   0.1   0.0   1.9  13.0   14:18     W
23  13.4  17.4   18:28   8.8   05:06   4.9   0.0   0.0   3.5  15.0   16:05    SW
----------------------------------------------------------------------------------
    13.5  23.9     2     7.1    21   103.4   1.7  13.4   2.9  38.0    14     WSW

Max >=  27.0  0
Max <=   0.0  0
Min <=   0.0  0
Min <= -18.0  0
Max Rain: 4.0 on day 3
Days of Rain: 6 (>= 0.2 mm)  4 (>= 2.0 mm)  0 (>= 20.0 mm)
Heat Base: 18.3  Cool Base: 18.3  Method: Integration