Climatological Summary Reports

Select a Year or Month report
2018: Jan Feb Mar Apr May Jun Jul Aug Sep Oct Nov Dec
2017: Jan Feb Mar Apr May Jun Jul Aug Sep Oct Nov Dec

Report for 2018 May
                   Monthly Climatological Summary for May 2018

Name: Westerhope   City: Newcastle upon Tyne   State: Tyne and Wear
Elevation: 120 m  Lat: N 55 00 00   Lon: W 001 42 00

                  Temperature (°C), Rain (mm), Wind Speed (mph)

                                      Heat  Cool        Avg
    Mean                              Deg   Deg         Wind                 Dom
Day Temp  High   Time   Low    Time   Days  Days  Rain  Speed High   Time    Dir
----------------------------------------------------------------------------------
01   7.6  13.0   13:39   1.2   04:30  10.8   0.0   0.0   5.1  24.0   13:43    SW
02   9.1  12.7   15:43   5.9   23:57   9.2   0.0   0.2   5.1  25.0   11:16    SW
03   9.2  14.8   12:48   5.0   03:19   9.1   0.0   0.0   5.1  19.0   13:41    SW
04  13.7  19.9   17:49   9.5   00:39   4.7   0.1   0.0   3.0  14.0   01:24    SW
05  14.3  22.8   15:01   6.9   05:42   5.0   1.0   0.0   2.2  12.0   14:03    SW
06  16.2  25.2   15:32   8.1   06:02   3.9   1.8   0.0   2.1  12.0   15:46    SW
07  17.8  25.2   16:13  10.4   05:41   2.3   1.9   0.0   1.5  12.0   16:09   SSW
08  15.5  21.7   12:00  10.2   23:58   3.3   0.5   0.4   2.2  17.0   14:23    SW
09  10.8  15.2   12:26   6.8   04:43   7.5   0.0   2.0   2.9  18.0   15:04    SW
10  10.4  14.6   17:35   6.6   06:26   7.9   0.0   2.0   3.7  19.0   13:20    SW
11  11.3  16.9   16:09   5.8   02:04   7.0   0.0   0.0   1.6  16.0   13:17     S
12  11.3  15.1   13:49   7.9   06:40   7.0   0.0   0.8   1.7  11.0   03:13   ENE
13  12.0  17.3   15:45   8.1   23:55   6.3   0.0   8.2   2.1  18.0   20:42   WSW
14  11.9  18.7   17:18   4.8   05:05   6.4   0.0   0.0   2.1  10.0   18:28   WSW
15  13.7  20.7   15:47   6.1   05:07   4.8   0.3   1.6   2.7  15.0   17:06   WSW
16   9.3  12.5   00:00   5.3   23:54   9.0   0.0   3.2   3.4  19.0   10:28    NE
17   8.5  13.8   17:15   2.4   04:56   9.7   0.0   0.0   1.8  13.0   11:45    NE
18  10.8  18.4   16:43   2.5   05:24   7.5   0.0   0.0   1.4   9.0   15:10   SSW
19  14.4  22.0   15:24   6.2   05:17   4.5   0.6   0.0   1.8  14.0   19:12   SSW
20  15.9  23.6   15:15   9.2   05:15   3.4   1.0   0.0   1.8  13.0   09:48   SSW
21  16.0  22.6   13:39   9.6   05:35   3.3   1.0   0.0   1.1  11.0   23:56   ESE
22   9.2  11.5   14:10   7.7   06:24   9.1   0.0   0.2   4.2  19.0   01:44   NNE
23   9.4  12.2   16:47   8.3   04:54   8.9   0.0   0.0   1.6  10.0   14:53    NE
24  10.2  14.9   16:51   7.7   05:11   8.1   0.0   0.0   1.6  10.0   13:47    NE
25  11.2  17.6   13:20   6.7   06:07   7.1   0.0   5.2   2.8  15.0   13:05   NNE
26  13.0  17.7   13:56  10.4   05:30   5.3   0.0   0.0   3.7  16.0   17:08    NE
27  14.7  20.3   16:57   9.9   05:18   3.8   0.2   0.0   2.4  12.0   00:11    NE
28  15.6  20.9   15:58  12.0   04:22   3.0   0.4   0.0   1.7   9.0   09:52    NE
29  12.8  15.6   18:55  11.0   06:33   5.5   0.0   0.0   2.6  14.0   23:06    NE
30  12.4  13.8   09:17  11.4   01:16   5.9   0.0   0.0   2.5  13.0   12:03   NNE
----------------------------------------------------------------------------------
    12.3  25.2     6     1.2     1   189.3   8.8  23.8   2.6  25.0     2      SW

Max >=  27.0  0
Max <=   0.0  0
Min <=   0.0  0
Min <= -18.0  0
Max Rain: 8.2 on day 13
Days of Rain: 10 (>= 0.2 mm)  5 (>= 2.0 mm)  0 (>= 20.0 mm)
Heat Base: 18.3  Cool Base: 18.3  Method: Integration