Climatological Summary Reports

Select a Year or Month report
2018: Jan Feb Mar Apr May Jun Jul Aug Sep Oct Nov Dec
2017: Jan Feb Mar Apr May Jun Jul Aug Sep Oct Nov Dec

Report for 2018 March
                   Monthly Climatological Summary for Mar 2018

Name: Westerhope   City: Newcastle upon Tyne   State: Tyne and Wear
Elevation: 120 m  Lat: N 55 00 00   Lon: W 001 42 00

                  Temperature (°C), Rain (mm), Wind Speed (mph)

                                      Heat  Cool        Avg
    Mean                              Deg   Deg         Wind                 Dom
Day Temp  High   Time   Low    Time   Days  Days  Rain  Speed High   Time    Dir
----------------------------------------------------------------------------------
01  -1.8  -0.4   21:30  -4.6   00:43  20.1   0.0   0.0   6.5  25.0   11:48     E
02  -0.1   0.3   17:16  -0.6   08:27  18.4   0.0   0.0   5.9  22.0   05:35     E
03   0.1   0.5   16:15  -0.5   08:54  18.2   0.0   0.0   3.1  15.0   00:56     E
04   1.7   3.1   19:28   0.4   00:00  16.6   0.0  11.2   1.4  12.0   10:56     E
05   3.7   5.6   14:23   2.2   06:01  14.6   0.0   5.2   1.0  12.0   21:49     E
06   4.2   5.2   12:27   3.4   03:52  14.1   0.0  10.4   2.5  16.0   02:06    SE
07   4.4   8.2   15:15   1.9   07:00  13.5   0.0   0.2   1.9  18.0   16:00    SW
08   3.2   8.2   15:15  -1.0   05:45  15.2   0.0   0.0   1.6  13.0   00:30    SW
09   4.5   9.6   14:45  -0.1   06:30  13.8   0.0   0.0   1.9  16.0   11:00   ESE
10   6.2   7.7   22:38   1.6   00:45   5.9   0.0   6.4   2.0  14.0   23:44   SSW
11   6.1   8.4   12:36   4.2   04:08  12.2   0.0   1.4   0.8   9.0   00:01     E
12   4.6   5.3   00:19   3.9   23:21  13.7   0.0   2.6   1.8  12.0   11:11    NE
13   5.4   9.2   15:24   1.8   23:56  13.0   0.0   0.2   1.1  11.0   10:26   WNW
14   4.6   9.0   12:56   0.5   03:41  13.7   0.0   0.0   1.5  17.0   23:36   ESE
15   4.5   5.3   00:00   3.9   15:22  13.8   0.0   7.2   3.6  18.0   07:48     E
16   3.0   4.5   00:30   1.2   23:50  15.3   0.0   9.8   4.5  19.0   02:27     E
17  -0.6   1.3   00:00  -3.1   20:28  18.9   0.0   0.2   6.1  25.0   12:39     E
18  -0.6   0.9   23:33  -2.9   03:12  18.9   0.0   0.0   5.2  21.0   01:49     E
19   2.5   5.3   12:55   0.6   05:05  15.8   0.0   1.0   3.9  18.0   09:48    NE
20   4.2  10.0   15:11   0.7   23:53  14.1   0.0   0.2   2.1  14.0   03:45     N
21   4.7   8.3   23:47  -0.7   03:12  13.6   0.0   0.0   6.0  27.0   17:28    SW
22   7.7  11.0   12:54   4.9   23:56  10.6   0.0   1.6   5.0  24.0   01:48    SW
23   7.0   9.7   14:56   4.9   00:03  11.3   0.0   0.4   5.4  31.0   09:58    SW
24   7.0  12.4   13:56   3.2   23:56  11.3   0.0   0.0   1.4   9.0   15:53     W
25   5.6  11.4   14:58   1.7   06:52  12.2   0.0   0.0   3.3  17.0   11:47   WSW
26   5.8   8.4   19:05   4.3   22:56   2.6   0.0   0.0   1.8   4.0   19:05   SSW
27   6.1  10.6   14:21   3.7   05:10  12.2   0.0   4.0   2.7  17.0   21:02    SW
28   4.9   8.8   14:09   2.2   23:55  13.4   0.0   0.4   3.5  19.0   16:11   WSW
29   3.8   9.4   14:38  -0.9   07:01  14.5   0.0   0.2   1.9  13.0   18:09     E
30   4.5   8.4   13:00   0.6   07:00  13.8   0.0   7.0   2.4  13.0   23:40     E
31   3.0   4.0   15:22   0.9   06:23  15.3   0.0  10.8   4.5  18.0   05:35    NE
----------------------------------------------------------------------------------
     3.9  12.4    24    -4.6     1   430.6   0.0  80.4   3.1  31.0    23     ESE

Max >=  27.0  0
Max <=   0.0  1
Min <=   0.0  9
Min <= -18.0  0
Max Rain: 11.2 on day 4
Days of Rain: 20 (>= 0.2 mm)  10 (>= 2.0 mm)  0 (>= 20.0 mm)
Heat Base: 18.3  Cool Base: 18.3  Method: Integration