Climatological Summary Reports

Select a Year or Month report
2018: Jan Feb Mar Apr May Jun Jul Aug Sep Oct Nov Dec
2017: Jan Feb Mar Apr May Jun Jul Aug Sep Oct Nov Dec

Report for 2018 February
                   Monthly Climatological Summary for Feb 2018

Name: Westerhope   City: Newcastle upon Tyne   State: Tyne and Wear
Elevation: 120 m  Lat: N 55 00 00   Lon: W 001 42 00

                  Temperature (°C), Rain (mm), Wind Speed (mph)

                                      Heat  Cool        Avg
    Mean                              Deg   Deg         Wind                 Dom
Day Temp  High   Time   Low    Time   Days  Days  Rain  Speed High   Time    Dir
----------------------------------------------------------------------------------
01   3.2   5.6   14:35   1.1   00:55  15.1   0.0   0.0   5.2  23.0   14:46   WNW
02   4.0   7.2   13:48   0.8   22:00  14.3   0.0   0.0   3.7  18.0   00:48   NNW
03   2.2   3.4   14:59   0.9   02:37  16.1   0.0   5.0   1.1  10.0   05:30   WNW
04   1.9   5.6   13:36   0.3   07:01  16.4   0.0   0.6   0.4   8.0   13:37    NE
05   0.8   1.9   13:07   0.1   07:07  17.5   0.0   0.4   0.7   5.0   10:43   SSW
06   0.3   1.7   15:02  -2.1   23:56  18.0   0.0   1.6   2.4  15.0   15:52    NW
07  -0.8   2.6   23:58  -3.9   08:11  19.1   0.0   0.0   2.5  11.0   15:13    SW
08   5.6   7.8   14:07   2.6   00:00  12.7   0.0   1.8   2.8  16.0   05:08   SSW
09   2.6   4.5   13:54   0.1   23:59  15.7   0.0   1.8   2.8  18.0   13:44   WNW
10   4.5   9.1   14:40  -0.3   03:20  13.8   0.0   6.6   2.8  19.0   08:12   SSW
11   1.7   4.1   14:07  -0.1   21:34  16.7   0.0   2.8   4.7  24.0   14:52   WSW
12   1.9   5.0   15:10  -0.1   03:37  16.4   0.0   0.0   4.9  21.0   08:42    SW
13   1.1   2.7   15:59  -1.2   23:24  17.2   0.0   1.2   2.6  16.0   01:19   SSW
14   1.0   4.1   23:49  -1.8   02:52  17.3   0.0   0.2   2.9  22.0   13:38     S
15   4.1   6.0   12:13   2.5   23:51  14.2   0.0   0.2   6.2  29.0   14:07    SW
16   4.5   8.0   14:02   2.4   03:00  13.8   0.0   0.0   3.8  18.0   01:42    SW
17   3.6   3.7   02:58   2.9   00:49  14.7   0.0   0.0   0.9   5.0   02:46   SSW
18   4.2   6.6   17:12   3.7   00:00  14.0   0.0   1.6   1.1   6.0   20:39   SSW
19   7.1   8.5   13:50   5.6   00:16  11.2   0.0   6.8   0.8   6.0   06:52   WNW
20   6.4   8.9   13:18   3.9   23:55  11.9   0.0   0.4   3.9  22.0   11:11     N
21   3.5   8.2   13:21   0.4   07:36  14.8   0.0   0.0   1.2   8.0   12:06     N
22   2.3   5.3   12:46  -1.1   23:32  15.8   0.0   0.4   0.9  10.0   12:06     S
----------------------------------------------------------------------------------
     3.0   9.1    10    -3.9     7   336.7   0.0  31.4   2.7  29.0    15     WSW

Max >=  27.0  0
Max <=   0.0  0
Min <=   0.0  8
Min <= -18.0  0
Max Rain: 6.8 on day 19
Days of Rain: 15 (>= 0.2 mm)  4 (>= 2.0 mm)  0 (>= 20.0 mm)
Heat Base: 18.3  Cool Base: 18.3  Method: Integration