Climatological Summary Reports

Select a Year or Month report
2018: Jan Feb Mar Apr May Jun Jul Aug Sep Oct Nov Dec
2017: Jan Feb Mar Apr May Jun Jul Aug Sep Oct Nov Dec

Report for 2018 January
                   Monthly Climatological Summary for Jan 2018

Name: Westerhope   City: Newcastle upon Tyne   State: Tyne and Wear
Elevation: 120 m  Lat: N 55 00 00   Lon: W 001 42 00

                  Temperature (°C), Rain (mm), Wind Speed (mph)

                                      Heat  Cool        Avg
    Mean                              Deg   Deg         Wind                 Dom
Day Temp  High   Time   Low    Time   Days  Days  Rain  Speed High   Time    Dir
----------------------------------------------------------------------------------
01   4.8   7.8   14:10   2.6   21:48  13.5   0.0   0.4   2.8  16.0   01:48    SW
02   4.3   6.9   23:59   2.6   07:22  13.9   0.0   2.0   2.2  19.0   23:43   SSW
03   5.8   7.6   13:14   2.9   04:18  12.5   0.0   1.8   7.3  41.0   02:48    SW
04   4.8   6.5   01:17   2.6   18:49  13.5   0.0   8.2   1.9  16.0   00:34    SW
05   3.1   4.5   21:37   1.4   09:08  15.2   0.0   4.0   2.6  19.0   23:22   WNW
06   3.4   5.3   12:19   1.2   21:17  14.9   0.0   4.6   3.4  20.0   08:04    NE
07   0.4   3.1   13:51  -2.2   23:50  17.7   0.0   0.4   0.7   4.0   00:14     W
08   0.4   4.4   13:40  -3.7   08:29  17.4   0.0   0.2   0.6  11.0   14:11   ESE
09   2.9   3.8   14:09   1.9   18:31  15.4   0.0   0.0   1.4  13.0   17:48     S
10   3.8   4.9   17:05   2.7   00:00  14.5   0.0   0.4   1.2  11.0   01:08    SW
11   4.9   6.3   14:20   3.6   05:22  13.2   0.0   0.0   1.4   8.0   14:10   WNW
12   5.1   6.6   12:06   3.3   17:12  13.2   0.0   0.2   0.7   9.0   13:28     S
13   4.7   5.3   12:55   4.1   23:48  13.6   0.0   0.0   2.2  15.0   13:57     S
14   3.4   5.5   23:57   2.6   06:03  14.9   0.0   0.2   3.8  19.0   23:10     S
15   5.5   8.0   05:03   1.4   22:38  12.8   0.0   3.8   4.7  27.0   03:24    SW
16   1.6   3.2   14:19   0.4   23:59  16.7   0.0   2.0   6.9  23.0   13:52    SW
17   2.2   4.0   12:56   0.2   01:31  16.1   0.0   1.6   6.5  27.0   10:50    SW
18   1.3   3.0   13:36   0.0   03:21  17.0   0.0   9.0   2.5  16.0   14:51    SW
19   1.9   3.9   13:31   0.5   22:36  16.4   0.0   0.8   5.1  20.0   14:52    SW
20   0.9   3.9   13:51  -1.7   22:27  17.4   0.0   0.2   2.5  13.0   05:09   WSW
21  -0.1   3.8   23:48  -2.0   07:22  18.4   0.0   1.8   2.1  15.0   23:42   SSW
22   5.9   7.1   13:06   3.8   00:00  12.4   0.0   1.4   5.3  22.0   12:43    SW
23   9.3  12.4   13:39   6.7   08:21   9.0   0.0   0.0   5.9  28.0   11:51    SW
24   7.9  11.2   04:24   4.9   23:05  10.4   0.0   4.8   7.7  32.0   08:06    SW
25   5.2   8.2   13:08   2.7   23:32  13.1   0.0   0.0   3.1  20.0   02:27    SW
26   3.7   5.9   13:41   2.1   06:47  14.6   0.0   0.0   1.4  10.0   04:27     W
27   7.8  12.2   15:24   3.2   00:00  10.4   0.0   0.0   6.4  34.0   16:42    SW
28  10.4  13.2   12:36   6.3   07:21   7.9   0.0   2.0   7.0  32.0   19:52    SW
29   6.9  11.4   01:28   3.1   22:10  11.4   0.0   0.2   5.3  30.0   03:25    SW
30   4.8   6.0   14:09   3.2   00:52  13.5   0.0   0.0   5.5  22.0   18:49    SW
31   3.5   6.4   03:27   1.6   21:56  14.8   0.0   1.4   7.3  30.0   14:44    SW
----------------------------------------------------------------------------------
     4.2  13.2    28    -3.7     8   435.7   0.0  51.4   3.8  41.0     3      SW

Max >=  27.0  0
Max <=   0.0  0
Min <=   0.0  5
Min <= -18.0  0
Max Rain: 9.0 on day 18
Days of Rain: 23 (>= 0.2 mm)  9 (>= 2.0 mm)  0 (>= 20.0 mm)
Heat Base: 18.3  Cool Base: 18.3  Method: Integration