Climatological Summary Reports

Select a Year or Month report
2018: Jan Feb Mar Apr May Jun Jul Aug Sep Oct Nov Dec
2017: Jan Feb Mar Apr May Jun Jul Aug Sep Oct Nov Dec

Report for 2017 December
                   Monthly Climatological Summary for Dec 2017

Name: Westerhope   City: Newcastle upon Tyne   State: Tyne and Wear
Elevation: 120 m  Lat: N 55 00 00   Lon: W 001 42 00

                  Temperature (°C), Rain (mm), Wind Speed (mph)

                                      Heat  Cool        Avg
    Mean                              Deg   Deg         Wind                 Dom
Day Temp  High   Time   Low    Time   Days  Days  Rain  Speed High   Time    Dir
----------------------------------------------------------------------------------
01   2.2   3.6   12:45   1.3   08:16  16.1   0.0   6.4   3.0  15.0   00:18    NW
02   4.6   7.2   23:54   2.3   01:01  13.5   0.0   0.0   3.4  13.0   06:27    SW
03   5.7   8.0   13:19   2.8   20:39  12.6   0.0   0.0   1.8  13.0   00:04    SW
04   6.0   8.3   13:52   2.9   03:38  12.3   0.0   0.0   3.3  15.0   14:32    SW
05   7.4   8.3   21:37   6.6   00:20  10.9   0.0   0.0   6.3  27.0   07:10    SW
06  10.0  11.2   11:36   7.9   00:00   8.3   0.0   0.0   8.0  28.0   04:40    SW
07   6.4  13.3   04:10   1.4   22:43  11.9   0.0   0.8   7.8  33.0   09:12    SW
08   0.1   1.8   13:10  -1.2   20:31  18.2   0.0   0.0   3.9  17.0   10:04    SW
09  -0.6   2.2   13:14  -2.1   22:11  18.9   0.0   0.0   3.4  15.0   09:34    SW
10  -2.2   1.3   13:20  -3.9   22:35  20.5   0.0   0.0   1.3   9.0   00:30   WNW
11  -2.6   0.4   16:19  -6.1   07:02  20.9   0.0   0.0   2.7  10.0   07:55    SW
12   0.7   5.0   23:27  -2.3   08:23  17.6   0.0   1.4   2.6  14.0   23:23    SW
13   3.6   6.3   10:49   0.9   22:17  14.7   0.0   1.4   4.8  20.0   11:20    SW
14   2.0   4.2   11:08   0.1   21:41  16.3   0.0   2.0   3.3  16.0   00:01    SW
15   2.0   4.6   13:16  -0.3   23:40  16.3   0.0   5.6   3.2  18.0   12:04   NNW
16  -0.3   2.2   13:14  -1.6   06:17  18.6   0.0   0.0   2.7  11.0   08:32    SW
17   3.4   8.4   14:06  -2.0   02:28  14.9   0.0   2.0   3.0  19.0   14:20    SW
18   3.6   6.1   19:57   1.5   04:17  14.6   0.0   0.0   3.1  15.0   17:25    SW
19   8.3  11.9   12:41   4.5   02:13  10.0   0.0   0.0   2.6  15.0   08:28    SW
20  10.0  11.5   09:32   7.6   23:55   8.3   0.0   0.0   3.0  16.0   10:50    SW
21   7.5   9.2   12:14   6.3   09:09  10.8   0.0   0.0   1.4  11.0   02:05    SW
22   8.2   9.9   18:16   6.4   03:16  10.1   0.0   0.0   3.3  25.0   22:26    SW
23  10.4  12.2   14:10   8.7   05:44   7.9   0.0   0.0   8.6  34.0   18:29    SW
24  11.1  12.4   12:30  10.3   18:32   7.2   0.0   0.2   7.1  30.0   11:06    SW
25   8.9  11.1   11:56   2.3   23:06   9.4   0.0   5.4   6.3  26.0   04:40    SW
26   1.6   3.7   13:45  -0.9   23:15  16.5   0.0   3.6   2.4  16.0   11:40    SW
27   0.5   1.9   13:45  -0.7   00:33  17.8   0.0   0.0   3.4  15.0   06:36    NW
28   0.6   3.1   13:01  -1.2   23:53  17.7   0.0   0.0   3.7  19.0   09:54    SW
29   0.3   4.7   22:51  -1.3   04:14  18.0   0.0   3.2   1.3  14.0   22:02   SSW
30   3.8   6.7   15:36   0.8   07:34  14.5   0.0   1.6   3.7  25.0   17:31    SW
31   6.3   9.2   06:25   4.4   23:50  12.0   0.0   0.8   5.9  26.0   07:33    SW
----------------------------------------------------------------------------------
     4.2  13.3     7    -6.1    11   437.3   0.0  34.4   3.9  34.0    23      SW

Max >=  27.0  0
Max <=   0.0  0
Min <=   0.0 12
Min <= -18.0  0
Max Rain: 6.4 on day 1
Days of Rain: 13 (>= 0.2 mm)  7 (>= 2.0 mm)  0 (>= 20.0 mm)
Heat Base: 18.3  Cool Base: 18.3  Method: Integration