Climatological Summary Reports

Select a Year or Month report
2018: Jan Feb Mar Apr May Jun Jul Aug Sep Oct Nov Dec
2017: Jan Feb Mar Apr May Jun Jul Aug Sep Oct Nov Dec

Report for 2017 November
                   Monthly Climatological Summary for Nov 2017

Name: Westerhope   City: Newcastle upon Tyne   State: Tyne and Wear
Elevation: 120 m  Lat: N 55 00 00   Lon: W 001 42 00

                  Temperature (°C), Rain (mm), Wind Speed (mph)

                                      Heat  Cool        Avg
    Mean                              Deg   Deg         Wind                 Dom
Day Temp  High   Time   Low    Time   Days  Days  Rain  Speed High   Time    Dir
----------------------------------------------------------------------------------
01  11.7  12.9   00:05   9.7   23:58   6.6   0.0   0.0   4.8  19.0   13:09    SW
02   8.0  11.7   13:35   4.9   23:09  10.3   0.0   0.0   1.4   9.0   00:54   NNW
03   7.2   9.4   14:12   4.8   00:29  11.0   0.0   0.0   1.3  12.0   13:45    SW
04   7.6  10.7   13:50   3.9   23:52  10.7   0.0   0.2   2.7  16.0   14:22    SW
05   4.3   8.4   12:16   2.1   22:43  13.7   0.0   0.0   3.1  17.0   11:31     W
06   5.2  10.9   13:43  -0.7   05:42  13.1   0.0   0.0   2.8  17.0   21:37   SSW
07   7.8  10.7   09:36   4.2   23:59  10.5   0.0   0.0   1.9  16.0   10:53    SW
08   5.3   9.8   23:54   1.2   07:06  13.0   0.0   0.0   3.3  18.0   20:24    SW
09   9.9  12.2   06:16   7.7   17:31   8.4   0.0   0.0   5.4  25.0   02:04    SW
10   6.5   8.9   04:10   4.3   21:58  11.8   0.0   0.0   4.3  22.0   14:19    SW
11   4.2   7.6   12:37   1.9   21:37  14.1   0.0   0.0   2.4  12.0   00:53    SW
12   3.6   6.4   14:55   1.2   07:47  14.7   0.0   0.0   3.9  23.0   11:53   NNW
13   3.7   9.0   23:59   0.7   07:37  14.6   0.0   0.0   3.0  18.0   22:18    SW
14   9.9  11.3   11:18   8.0   23:55   8.4   0.0   0.0   2.8  20.0   02:54    SW
15   5.8   8.1   00:01   3.4   07:02  12.5   0.0   0.0   1.7   9.0   02:57    SW
16   7.2  10.6   05:01   3.2   22:20  11.1   0.0   0.4   3.3  25.0   06:29    SW
17   5.7   8.5   13:56   2.6   01:39  12.6   0.0   0.0   5.2  25.0   23:52    SW
18   5.0   7.3   00:00   1.4   21:49  13.3   0.0   0.4   3.4  21.0   00:20    SW
19   2.4   5.1   13:45  -0.3   08:18  15.9   0.0   1.6   2.1  10.0   11:33    SW
20   7.8  11.2   13:16   3.1   01:31  10.5   0.0   7.0   2.4  19.0   13:48    SW
21  10.7  13.4   21:01   7.9   01:03   7.6   0.0   2.8   3.2  28.0   22:23    SW
22  10.9  14.2   15:20   7.5   23:45   7.4   0.0  11.2   4.0  28.0   00:21    SW
23   4.5   7.6   00:09   1.8   23:56  13.8   0.0   3.8   3.6  19.0   09:07    SW
24   2.3   5.8   14:05   0.2   23:32  16.0   0.0   0.0   3.0  18.0   12:16    SW
25   2.2   4.3   13:57  -0.1   01:19  15.9   0.0   0.0   4.9  23.0   18:04    SW
26   3.4   7.6   23:59   1.5   03:37  14.4   0.0   0.2   4.4  21.0   08:14    SW
27   5.0   8.7   02:00   2.7   21:48  13.3   0.0   0.2   4.9  23.0   13:15    SW
28   2.6   5.0   12:04   0.7   05:39  15.7   0.0   9.0   3.5  19.0   22:32   NNW
29   2.0   4.0   13:20   0.3   20:25  16.1   0.0   5.2   4.7  19.0   04:52   NNW
30   0.6   2.1   12:03  -0.8   03:12  17.6   0.0   3.4   5.3  24.0   15:06   NNW
----------------------------------------------------------------------------------
     5.8  14.2    22    -0.8    30   374.6   0.0  45.4   3.4  28.0    21     WSW

Max >=  27.0  0
Max <=   0.0  0
Min <=   0.0  4
Min <= -18.0  0
Max Rain: 11.2 on day 22
Days of Rain: 13 (>= 0.2 mm)  7 (>= 2.0 mm)  0 (>= 20.0 mm)
Heat Base: 18.3  Cool Base: 18.3  Method: Integration