Climatological Summary Reports

Select a Year or Month report
2018: Jan Feb Mar Apr May Jun Jul Aug Sep Oct Nov Dec
2017: Jan Feb Mar Apr May Jun Jul Aug Sep Oct Nov Dec

Report for 2017 October
                   Monthly Climatological Summary for Oct 2017

Name: Westerhope   City: Newcastle upon Tyne   State: Tyne and Wear
Elevation: 120 m  Lat: N 55 00 00   Lon: W 001 42 00

                  Temperature (°C), Rain (mm), Wind Speed (mph)

                                      Heat  Cool        Avg
    Mean                              Deg   Deg         Wind                 Dom
Day Temp  High   Time   Low    Time   Days  Days  Rain  Speed High   Time    Dir
----------------------------------------------------------------------------------
01  12.2  17.3   16:44   6.6   00:58   6.1   0.0   1.0   2.7  24.0   23:33    SW
02  12.7  15.2   14:31  10.1   23:35   5.6   0.0   0.0   9.7  35.0   10:40    SW
03  10.7  13.6   13:07   9.1   07:23   7.6   0.0   0.0   5.2  25.0   22:50    SW
04  11.1  12.3   11:17  10.0   14:09   7.2   0.0   1.0   5.2  21.0   11:12    SW
05  10.6  15.1   14:56   6.6   07:25   7.7   0.0   1.2   4.0  23.0   02:10    NW
06   8.9  12.5   12:57   4.9   07:55   9.4   0.0   0.2   2.1  11.0   10:47   WSW
07  12.9  15.7   16:25  10.8   00:00   5.4   0.0   0.0   4.6  20.0   07:20    SW
08  12.6  16.1   12:11   9.9   01:46   5.7   0.0   0.2   2.5  11.0   10:51    SW
09  12.7  15.6   14:08  11.1   21:35   5.6   0.0   0.0   2.9  15.0   11:40    SW
10  12.9  14.5   15:45  11.4   07:28   5.4   0.0   0.4   4.2  17.0   16:56    SW
11  13.6  15.7   07:28   9.2   23:55   4.7   0.0   3.2   5.5  22.0   00:41    SW
12  11.4  14.1   23:58   8.8   01:35   6.9   0.0   0.2   4.5  20.0   02:44    SW
13  16.9  19.3   15:36  13.7   23:37   1.5   0.1   1.2   6.5  28.0   09:45    SW
14  14.4  17.2   13:52  12.8   23:51   3.9   0.0   1.0   2.6  20.0   18:58    SW
15  14.9  17.5   14:03  12.8   02:59   3.4   0.0   0.0   4.6  20.0   13:07    SW
16  13.3  16.9   17:37  11.2   06:12   5.0   0.0   0.2   2.9  28.0   23:10   SSW
17  11.9  13.2   01:32  10.1   22:12   6.4   0.0   0.0   7.8  28.0   01:31    SW
18  10.3  11.5   15:35   9.1   04:50   8.0   0.0   5.4   0.7   7.0   14:19     E
19  11.7  13.3   15:09  10.2   04:10   6.6   0.0   7.2   1.2  11.0   10:51   SSE
20  12.7  15.1   13:05   9.7   23:52   5.6   0.0   4.0   1.1  11.0   19:02   SSW
21  11.2  14.6   14:55   9.5   00:23   7.1   0.0   2.8   2.2  16.0   23:41   SSW
22  10.1  12.1   16:14   7.3   23:56   8.2   0.0   0.2   6.0  23.0   13:53    SW
23  11.0  15.7   14:48   6.7   03:49   7.3   0.0   0.0   1.9  12.0   00:56   SSW
24  12.5  16.8   12:28  10.2   23:57   5.2   0.0   0.4   2.2  23.0   12:55    SW
25  11.0  13.8   15:40   9.6   01:45   7.3   0.0   2.4   3.7  20.0   14:22    SW
26  10.7  12.6   16:18   8.1   23:58   7.6   0.0   0.0   3.4  19.0   14:33    SW
27   7.9  11.1   12:33   4.6   08:02  10.4   0.0   0.0   3.0  26.0   23:01    SW
28  11.9  13.8   17:43   8.4   00:00   6.4   0.0   0.0   7.5  28.0   10:19    SW
29   7.8  13.1   00:00   2.8   23:14  10.9   0.0   0.0   3.2  19.0   00:53   NNW
30   5.2   9.7   23:52   0.8   07:32  13.1   0.0   0.2   2.2   9.0   04:02    SW
31  12.2  13.4   14:33   9.6   00:01   6.1   0.0   1.4   4.7  23.0   20:54    SW
----------------------------------------------------------------------------------
    11.6  19.3    13     0.8    30   207.3   0.1  33.8   3.9  35.0     2      SW

Max >=  27.0  0
Max <=   0.0  0
Min <=   0.0  0
Min <= -18.0  0
Max Rain: 7.2 on day 19
Days of Rain: 20 (>= 0.2 mm)  6 (>= 2.0 mm)  0 (>= 20.0 mm)
Heat Base: 18.3  Cool Base: 18.3  Method: Integration