Climatological Summary Reports

Select a Year or Month report
2018: Jan Feb Mar Apr May Jun Jul Aug Sep Oct Nov Dec
2017: Jan Feb Mar Apr May Jun Jul Aug Sep Oct Nov Dec

Report for 2017 September
                   Monthly Climatological Summary for Sep 2017

Name: Westerhope   City: Newcastle upon Tyne   State: Tyne and Wear
Elevation: 120 m  Lat: N 55 00 00   Lon: W 001 42 00

                  Temperature (°C), Rain (mm), Wind Speed (mph)

                                      Heat  Cool        Avg
    Mean                              Deg   Deg         Wind                 Dom
Day Temp  High   Time   Low    Time   Days  Days  Rain  Speed High   Time    Dir
----------------------------------------------------------------------------------
01  12.0  17.2   15:53   8.1   06:34   6.3   0.0   4.2   1.8   9.0   13:33    SW
02  12.7  19.7   15:10   6.8   05:43   5.6   0.0   0.0   1.6   7.0   04:14    SW
03  14.0  17.4   14:15  10.2   05:59   4.3   0.0   0.0   1.6  12.0   10:31   SSW
04  15.6  20.3   15:47  12.7   03:59   2.9   0.2   1.4   1.9  14.0   16:24   SSW
05  14.9  17.2   15:52  11.9   23:06   3.4   0.0   8.0   1.8  16.0   16:31    SW
06  13.1  16.8   15:03   9.5   05:27   5.2   0.0   0.0   3.8  19.0   08:51    SW
07  13.3  15.6   16:40  11.3   05:02   5.0   0.0   6.6   2.5  17.0   15:42    SW
08  13.0  16.2   14:26  10.5   06:03   5.3   0.0   1.4   4.5  22.0   12:22    SW
09  12.4  16.9   15:15   9.4   23:51   5.9   0.0   0.0   2.4  12.0   01:35    NW
10  12.2  17.7   15:33   9.2   02:26   6.1   0.0   0.6   3.8  25.0   19:12    SW
11  12.2  17.4   14:39   9.3   01:54   6.1   0.0   4.4   3.2  18.0   20:49    SW
12  12.1  16.1   13:23   9.6   21:42   6.1   0.0  11.2   4.5  18.0   09:27    SW
13   9.8  14.1   12:59   7.6   07:20   8.5   0.0  21.8   3.5  18.0   11:44   WSW
14  10.9  16.7   14:54   7.7   05:25   7.4   0.0   0.2   2.7  15.0   11:05    NW
15  11.2  15.8   17:05   8.3   07:19   7.1   0.0   0.6   2.4  14.0   21:33   NNW
16  10.2  12.4   11:56   8.7   06:25   8.1   0.0   2.6   2.7  15.0   01:36     N
17  11.8  15.7   14:35   8.9   00:00   6.5   0.0   3.8   2.4  12.0   10:29   NNE
18   9.7  12.4   11:44   7.1   23:56   8.5   0.0   1.4   1.3   9.0   00:08   NNW
19   9.8  17.4   15:30   3.6   06:52   8.5   0.0   0.2   2.2  14.0   16:09    SW
20  13.6  19.2   14:52   8.2   03:09   4.7   0.0   0.6   1.7  14.0   13:55   SSW
21  13.7  16.9   12:29   8.7   23:59   4.6   0.0   0.0   2.7  16.0   14:39    SW
22  10.9  15.3   16:58   6.6   07:16   7.4   0.0   1.0   1.5  13.0   22:33   SSW
23  13.5  16.6   13:25  10.3   04:08   4.8   0.0   0.0   1.2  10.0   12:42   SSW
24  14.5  18.4   14:22  11.3   08:04   3.8   0.0   0.2   1.4   9.0   08:56   SSW
25  14.1  16.5   15:14  12.7   23:57   4.2   0.0   1.2   0.4   6.0   16:53     E
26  13.4  18.6   15:30  10.9   04:51   4.9   0.0   0.0   0.6   9.0   16:01     E
27  13.9  16.4   14:53  12.3   00:00   4.4   0.0   1.8   1.2  11.0   21:00     E
28  14.7  20.8   15:17  12.3   01:14   3.7   0.1   2.8   1.1  10.0   03:24    SW
29  13.0  16.8   15:42  10.2   23:48   5.3   0.0   3.2   2.3  17.0   15:51    SW
30  10.3  14.6   12:58   7.1   23:38   7.9   0.0   0.4   1.3  13.0   13:21   SSW
----------------------------------------------------------------------------------
    12.6  20.8    28     3.6    19   172.5   0.3  79.6   2.2  25.0    10      SW

Max >=  27.0  0
Max <=   0.0  0
Min <=   0.0  0
Min <= -18.0  0
Max Rain: 21.8 on day 13
Days of Rain: 23 (>= 0.2 mm)  10 (>= 2.0 mm)  1 (>= 20.0 mm)
Heat Base: 18.3  Cool Base: 18.3  Method: Integration