Climatological Summary Reports

Select a Year or Month report
2018: Jan Feb Mar Apr May Jun Jul Aug Sep Oct Nov Dec
2017: Jan Feb Mar Apr May Jun Jul Aug Sep Oct Nov Dec

Report for 2017 August
                   Monthly Climatological Summary for Aug 2017

Name: Westerhope   City: Newcastle upon Tyne   State: Tyne and Wear
Elevation: 120 m  Lat: N 55 00 00   Lon: W 001 42 00

                  Temperature (°C), Rain (mm), Wind Speed (mph)

                                      Heat  Cool        Avg
    Mean                              Deg   Deg         Wind                 Dom
Day Temp  High   Time   Low    Time   Days  Days  Rain  Speed High   Time    Dir
----------------------------------------------------------------------------------
01  15.3  20.4   16:59  12.2   03:46   3.1   0.1   0.4   2.7  14.0   18:23    SW
02  15.4  18.8   11:46  12.6   06:44   2.9   0.0  11.0   1.7  14.0   01:14   SSW
03  15.9  19.8   15:34  13.1   05:22   2.6   0.1   2.4   4.0  21.0   14:57    SW
04  15.6  18.7   14:08  12.3   23:57   2.7   0.0   0.0   5.3  20.0   11:04    SW
05  13.8  19.1   16:13  10.9   23:57   4.5   0.0   0.6   3.3  15.0   14:25    SW
06  13.2  17.6   11:40   8.7   04:49   5.1   0.0   2.6   2.8  16.0   11:22    SW
07  14.6  19.6   17:05  11.9   03:00   3.7   0.0   1.6   2.8  15.0   18:38    SW
08  12.7  15.8   11:55  10.4   02:56   5.6   0.0   5.0   1.6  11.0   21:05   NNE
09  13.9  18.3   15:23  11.0   23:08   4.4   0.0   0.0   3.7  18.0   10:53   NNE
10  14.0  21.0   15:34   7.3   06:18   4.6   0.3   0.0   2.6  12.0   14:00    SW
11  14.9  20.1   14:54  10.2   02:14   3.5   0.1   0.2   3.3  19.0   13:41    SW
12  13.6  16.3   10:01  11.1   23:52   4.7   0.0   2.2   2.0  12.0   03:31    SW
13  13.7  20.2   16:34   8.0   06:12   4.7   0.1   0.0   2.3  13.0   10:24    SW
14  15.5  19.7   16:49  12.6   05:33   2.9   0.1   1.0   1.6  12.0   12:11   SSW
15  15.8  19.4   17:31  12.5   23:47   2.5   0.1   1.8   3.4  18.0   11:19    SW
16  15.9  20.6   16:09  11.3   06:36   2.6   0.2   0.2   2.4  16.0   15:22   SSW
17  17.8  23.1   15:01  14.3   06:42   1.5   1.0   1.2   3.6  17.0   16:06    SW
18  14.4  17.7   15:11  12.3   22:57   3.9   0.0   0.6   5.0  25.0   17:22    SW
19  14.0  16.9   14:11  11.6   04:23   4.3   0.0   0.0   6.4  27.0   15:12    SW
20  14.7  19.1   14:55  11.6   23:59   3.6   0.0   0.0   3.3  16.0   00:45    SW
21  14.4  20.4   13:52   7.2   06:54   4.2   0.2   0.0   1.2   9.0   10:05   SSW
22  17.6  22.9   14:34  14.4   03:56   1.4   0.7   0.4   0.8   9.0   15:10     E
23  16.5  18.9   17:03  12.8   23:58   1.8   0.1   1.2   1.2  11.0   16:20    SW
24  15.1  18.8   16:41  11.5   04:16   3.2   0.0   0.0   3.0  16.0   12:04    SW
25  16.3  19.8   11:30  13.7   21:46   2.1   0.1   0.4   2.4  15.0   12:54    SW
26  15.6  20.2   14:27  12.7   23:55   2.8   0.2   0.0   2.6  15.0   08:38    SW
27  15.9  21.2   16:40  11.4   02:54   2.8   0.4   0.0   2.6  12.0   15:27    SW
28  18.0  21.3   13:40  15.9   05:23   0.8   0.5   0.0   4.0  20.0   12:42    SW
29  13.7  17.5   00:00  10.6   23:57   4.6   0.0   0.0   2.6  15.0   12:37    SW
30  13.1  18.1   15:23   9.7   05:32   5.2   0.0   0.0   2.3  14.0   13:47    SW
31  13.3  20.7   15:10   9.2   05:51   5.1   0.1   0.0   2.0  15.0   15:59   WSW
----------------------------------------------------------------------------------
    15.0  23.1    17     7.2    21   107.4   4.4  32.8   2.9  27.0    19      SW

Max >=  27.0  0
Max <=   0.0  0
Min <=   0.0  0
Min <= -18.0  0
Max Rain: 11.0 on day 2
Days of Rain: 17 (>= 0.2 mm)  5 (>= 2.0 mm)  0 (>= 20.0 mm)
Heat Base: 18.3  Cool Base: 18.3  Method: Integration