Climatological Summary Reports

Select a Year or Month report
2018: Jan Feb Mar Apr May Jun Jul Aug Sep Oct Nov Dec
2017: Jan Feb Mar Apr May Jun Jul Aug Sep Oct Nov Dec

Report for 2017 July
                   Monthly Climatological Summary for Jul 2017

Name: Westerhope   City: Newcastle upon Tyne   State: Tyne and Wear
Elevation: 120 m  Lat: N 55 00 00   Lon: W 001 42 00

                  Temperature (°C), Rain (mm), Wind Speed (mph)

                                      Heat  Cool        Avg
    Mean                              Deg   Deg         Wind                 Dom
Day Temp  High   Time   Low    Time   Days  Days  Rain  Speed High   Time    Dir
----------------------------------------------------------------------------------
01  14.6  19.4   13:52  11.6   04:47   3.7   0.0   0.0   3.0  20.0   16:00    SW
02  14.3  17.8   16:27  10.7   04:23   4.0   0.0   0.0   4.9  23.0   09:36    SW
03  15.3  19.1   15:26  12.1   23:56   3.0   0.0   0.0   2.7  15.0   10:46    SW
04  11.9  13.4   16:15  10.6   07:08   6.4   0.0  29.4   1.3  10.0   23:43     E
05  12.1  13.8   16:59  10.9   05:53   6.2   0.0   3.6   1.5  10.0   03:04   ENE
06  16.0  22.7   16:28  11.9   00:00   2.7   0.4   6.4   0.7   7.0   23:42   SSW
07  16.5  20.2   14:34  11.8   23:56   2.0   0.2   0.0   2.6  15.0   15:17    SW
08  14.0  19.4   16:57   7.7   05:15   4.4   0.1   0.0   2.7  16.0   17:05    SW
09  16.2  21.7   15:10  10.4   04:31   2.7   0.5   0.0   1.9  14.0   12:14    SW
10  14.2  17.0   11:57  12.2   23:24   4.1   0.0   5.2   1.0  12.0   15:10     N
11  13.0  17.1   16:34  10.2   05:42   5.3   0.0   0.2   1.8  10.0   16:52   ENE
12  14.0  20.1   17:10   8.4   05:06   4.4   0.1   0.2   1.6   9.0   09:00    NE
13  15.7  21.5   12:48   9.1   05:35   3.2   0.6   0.8   3.2  17.0   14:33    SW
14  14.6  20.5   16:07  11.3   04:24   3.7   0.1   0.2   3.7  17.0   19:08    SW
15  16.5  21.6   19:00  12.3   00:00   2.2   0.4   0.6   3.6  22.0   19:46    SW
16  16.3  20.5   15:52  12.8   05:33   2.2   0.2   0.0   4.0  16.0   14:36    SW
17  17.2  23.5   16:56  11.9   05:01   2.3   1.2   0.0   3.6  18.0   14:04    SW
18  17.5  23.3   15:33  11.7   05:53   2.2   1.4   0.0   2.3  13.0   14:11   ESE
19  16.0  19.5   16:19  14.4   00:00   2.3   0.0   1.6   2.0  12.0   04:31     E
20  14.2  16.1   05:03  10.3   23:55   4.1   0.0  13.6   2.7  16.0   09:09    SW
21  14.5  19.2   14:49   8.9   02:20   3.9   0.1   0.0   1.6  12.0   12:50   ESE
22  15.2  18.9   17:56  13.4   23:54   3.1   0.0   3.4   2.4  12.0   01:07     E
23  14.3  18.2   09:34  11.6   04:57   4.0   0.0  13.8   2.2  16.0   20:48     N
24  13.2  15.6   18:56  11.8   06:25   5.1   0.0   0.2   4.2  18.0   13:17     N
25  13.9  17.6   15:21  11.6   23:55   4.4   0.0   0.0   1.3   8.0   06:24   NNE
26  15.3  20.6   15:12  11.6   00:00   3.2   0.2   3.4   3.0  19.0   16:40    SW
27  13.8  17.7   18:48  10.5   03:36   4.5   0.0   0.8   3.1  16.0   10:17    SW
28  15.1  18.3   17:46  12.2   05:57   3.2   0.0   0.0   3.4  21.0   09:38    SW
29  15.6  19.5   16:49  12.0   02:31   2.8   0.1   0.0   4.1  18.0   14:20    SW
30  15.2  19.5   15:09  12.2   06:37   3.1   0.0   0.4   3.3  18.0   16:12    SW
31  15.2  19.9   15:13  11.6   06:06   3.2   0.1   3.6   4.0  22.0   16:58    SW
----------------------------------------------------------------------------------
    14.9  23.5    17     7.7     8   111.6   5.7  87.4   2.7  23.0     2      SW

Max >=  27.0  0
Max <=   0.0  0
Min <=   0.0  0
Min <= -18.0  0
Max Rain: 29.4 on day 4
Days of Rain: 18 (>= 0.2 mm)  9 (>= 2.0 mm)  1 (>= 20.0 mm)
Heat Base: 18.3  Cool Base: 18.3  Method: Integration