Climatological Summary Reports

Select a Year or Month report
2018: Jan Feb Mar Apr May Jun Jul Aug Sep Oct Nov Dec
2017: Jan Feb Mar Apr May Jun Jul Aug Sep Oct Nov Dec

Report for 2017 June
                   Monthly Climatological Summary for Jun 2017

Name: Westerhope   City: Newcastle upon Tyne   State: Tyne and Wear
Elevation: 120 m  Lat: N 55 00 00   Lon: W 001 42 00

                  Temperature (°C), Rain (mm), Wind Speed (mph)

                                      Heat  Cool        Avg
    Mean                              Deg   Deg         Wind                 Dom
Day Temp  High   Time   Low    Time   Days  Days  Rain  Speed High   Time    Dir
----------------------------------------------------------------------------------
01  17.1  22.0   14:25  13.1   05:18   1.7   0.6   0.0   3.0  15.0   16:20    SW
02  15.5  20.3   18:52  12.4   07:00   2.9   0.1   2.4   2.1  12.0   02:41    SW
03  14.6  20.7   13:58   8.1   05:19   3.9   0.2   0.0   2.3  16.0   19:29    SW
04  13.2  18.1   18:06   8.9   04:52   5.1   0.0   0.0   2.6  20.0   12:03    SW
05  11.5  14.6   15:59   9.2   09:10   6.8   0.0   8.4   1.3  14.0   11:19   SSW
06  11.8  15.0   10:59   9.7   23:54   6.5   0.0  43.0   2.6  19.0   22:53   SSW
07  12.2  17.0   14:19   8.5   05:51   6.1   0.0  10.4   5.2  23.0   16:03    SW
08  13.5  18.1   18:54  10.4   04:09   4.8   0.0   5.4   3.0  20.0   16:05    SW
09  14.9  20.1   16:23  11.2   04:03   3.5   0.1   0.4   3.9  18.0   00:14    SW
10  14.6  20.8   17:53  11.6   07:33   3.9   0.2   7.6   2.7  20.0   18:03    SW
11  15.1  17.3   14:48  13.3   23:15   3.2   0.0   0.0   6.5  27.0   16:20    SW
12  13.9  16.3   14:54  11.7   23:55   4.4   0.0   0.0   6.0  23.0   12:13    SW
13  14.9  19.3   16:30  10.7   03:29   3.5   0.0   0.0   2.5  12.0   16:33    SW
14  17.8  23.3   15:29  12.0   03:24   1.9   1.4   0.0   1.4  11.0   15:36    SW
15  15.8  19.1   14:10  11.8   23:56   2.5   0.0   1.0   4.2  20.0   16:29    SW
16  15.1  18.4   17:46  11.5   03:56   3.2   0.0   0.0   4.5  18.0   08:59    SW
17  20.3  27.0   15:26  14.8   04:38   0.8   2.8   0.0   3.8  15.0   01:46    SW
18  20.3  28.3   15:55  12.9   05:07   1.3   3.3   0.0   1.8  11.0   18:35   WSW
19  19.9  26.9   16:18  13.9   23:56   1.4   3.0   0.0   2.6  14.0   20:02   WSW
20  15.9  19.6   16:57  13.1   04:41   2.5   0.1   0.0   1.7  11.0   11:06   ENE
21  17.4  23.4   13:15  12.2   07:07   1.9   1.2  10.6   1.1   8.0   06:20   SSW
22  17.9  21.4   16:20  13.9   23:24   1.0   0.6   0.0   3.1  15.0   15:47    SW
23  15.3  18.7   14:18  13.6   23:17   3.0   0.0   0.4   4.2  24.0   14:19    SW
24  14.1  18.2   14:30   9.9   04:31   4.2   0.0   0.0   6.0  26.0   16:43    SW
25  13.9  18.6   15:46  10.3   05:07   4.4   0.0   0.0   4.7  24.0   10:53    SW
26  12.7  16.4   13:18   7.8   05:08   5.6   0.0   0.0   2.0  10.0   13:28    SW
27  11.4  12.4   12:54  10.4   06:27   6.9   0.0  12.6   1.3  11.0   18:37     E
28  11.1  12.3   12:31   9.1   21:51   7.2   0.0   7.2   3.0  17.0   13:50    NE
29  11.8  13.5   17:33   9.9   03:31   6.2   0.0  18.2   3.2  16.0   12:08   NNE
30  12.9  14.1   13:01  11.8   22:55   5.4   0.0   4.0   1.8  10.0   11:22   NNE
----------------------------------------------------------------------------------
    14.9  28.3    18     7.8    26   115.7  13.6 131.6   3.2  27.0    11      SW

Max >=  27.0  2
Max <=   0.0  0
Min <=   0.0  0
Min <= -18.0  0
Max Rain: 43.0 on day 6
Days of Rain: 14 (>= 0.2 mm)  11 (>= 2.0 mm)  1 (>= 20.0 mm)
Heat Base: 18.3  Cool Base: 18.3  Method: Integration