Climatological Summary Reports

Select a Year or Month report
2018: Jan Feb Mar Apr May Jun Jul Aug Sep Oct Nov Dec
2017: Jan Feb Mar Apr May Jun Jul Aug Sep Oct Nov Dec

Report for 2017 May
                   Monthly Climatological Summary for May 2017

Name: Westerhope   City: Newcastle upon Tyne   State: Tyne and Wear
Elevation: 120 m  Lat: N 55 00 00   Lon: W 001 42 00

                  Temperature (°C), Rain (mm), Wind Speed (mph)

                                      Heat  Cool        Avg
    Mean                              Deg   Deg         Wind                 Dom
Day Temp  High   Time   Low    Time   Days  Days  Rain  Speed High   Time    Dir
----------------------------------------------------------------------------------
01  10.0  13.6   14:36   8.5   06:26   8.3   0.0   0.0   2.8  14.0   14:19     E
02   9.1  11.7   13:05   7.3   23:59   9.2   0.0   0.0   2.2  12.0   14:18    NE
03   9.5  13.9   12:43   5.8   02:03   8.7   0.0   0.0   3.9  19.0   13:00    NE
04   9.4  13.7   15:27   6.4   06:15   8.9   0.0   0.0   3.8  20.0   15:50   ENE
05   9.0  13.7   15:32   4.4   05:16   9.3   0.0   0.0   3.1  17.0   10:10   ENE
06   8.2  12.1   16:22   4.3   04:51  10.1   0.0   0.0   3.3  16.0   08:25    NE
07   8.4  10.1   17:00   6.7   00:27   9.9   0.0   0.0   4.0  15.0   10:38   NNE
08   7.7  10.0   14:03   6.4   23:28  10.6   0.0   0.0   5.0  18.0   12:18   NNE
09   9.4  16.4   17:45   5.7   05:19   8.9   0.0   0.0   2.0  13.0   23:02     W
10  10.5  17.9   15:57   4.9   02:58   7.8   0.0   0.0   2.6  13.0   07:14    SW
11  10.5  15.7   11:07   5.4   01:16   7.7   0.0   0.0   1.9  14.0   15:15     E
12  10.4  13.3   12:13   8.4   00:00   7.9   0.0   0.0   1.9  10.0   12:37   ENE
13  12.2  16.0   15:39   9.2   02:31   6.1   0.0   0.2   3.4  21.0   14:39    SW
14  13.3  18.1   15:49  10.1   05:28   5.0   0.0   0.0   3.4  18.0   14:04    SW
15  12.1  16.8   18:18   7.7   04:20   6.2   0.0   6.0   2.1  15.0   19:26   SSW
16  16.3  19.4   13:13  12.4   23:55   2.1   0.1   0.6   4.8  26.0   17:03    SW
17  13.3  16.4   13:55   9.2   23:59   5.0   0.0   0.0   1.9  12.0   12:23    SW
18  11.5  18.3   15:47   5.6   05:01   6.8   0.0   0.8   2.0  14.0   13:43    SW
19   9.5  12.2   14:24   8.2   05:00   8.8   0.0   3.2   1.5  10.0   16:18   NNW
20  10.7  13.8   12:51   7.9   04:44   7.6   0.0   4.0   2.1  16.0   12:32    SW
21  12.6  17.2   15:20   8.3   01:09   5.7   0.0   0.0   2.2  15.0   10:53   SSW
22  14.5  20.8   17:34   9.3   05:47   4.0   0.2   0.0   1.9  18.0   19:38    SW
23  14.5  19.8   15:16   9.5   05:23   3.9   0.1   0.0   2.8  17.0   11:55   WSW
24  18.0  23.1   15:47  13.6   01:11   1.7   1.4   0.0   3.1  16.0   15:00    SW
25  18.6  25.2   15:46  12.6   05:26   2.0   2.3   0.0   2.0  10.0   15:06     S
26  20.4  26.7   15:12  14.8   04:59   0.8   2.9   0.0   1.7  12.0   11:47     S
27  17.6  22.8   11:50  12.9   04:32   1.6   0.9   5.4   1.4  18.0   16:19     S
28  15.6  23.0   16:36  12.0   23:46   2.9   0.3   0.2   4.1  19.0   06:33    SW
29  11.4  12.1   14:46  10.4   09:26   6.9   0.0   0.6   1.4   8.0   09:14   ENE
30  14.2  17.8   10:28   9.8   23:57   4.1   0.0   0.2   3.0  22.0   14:52    SW
31  13.3  19.5   14:37   7.1   04:54   5.0   0.1   0.0   1.9  12.0   14:25   SSE
----------------------------------------------------------------------------------
    12.3  26.7    26     4.3     6   193.5   8.3  21.2   2.7  26.0    16     SSW

Max >=  27.0  0
Max <=   0.0  0
Min <=   0.0  0
Min <= -18.0  0
Max Rain: 6.0 on day 15
Days of Rain: 10 (>= 0.2 mm)  4 (>= 2.0 mm)  0 (>= 20.0 mm)
Heat Base: 18.3  Cool Base: 18.3  Method: Integration