Climatological Summary Reports

Select a Year or Month report
2018: Jan Feb Mar Apr May Jun Jul Aug Sep Oct Nov Dec
2017: Jan Feb Mar Apr May Jun Jul Aug Sep Oct Nov Dec

Report for 2017 April
                   Monthly Climatological Summary for Apr 2017

Name: Westerhope   City: Newcastle upon Tyne   State: Tyne and Wear
Elevation: 120 m  Lat: N 55 00 00   Lon: W 001 42 00

                  Temperature (°C), Rain (mm), Wind Speed (mph)

                                      Heat  Cool        Avg
    Mean                              Deg   Deg         Wind                 Dom
Day Temp  High   Time   Low    Time   Days  Days  Rain  Speed High   Time    Dir
----------------------------------------------------------------------------------
01  10.4  13.7   15:15   7.6   23:30   7.9   0.0   0.0   1.8  12.0   12:45    SW
02   9.5  15.6   17:30   5.9   23:59   8.8   0.0   0.8   1.6  13.0   00:30   SSW
03   9.7  16.4   14:15   4.1   07:00   8.7   0.0   0.2   3.3  21.0   14:30    SW
04  10.6  14.7   15:15   6.9   23:59   7.8   0.0   0.0   3.4  21.0   17:15    SW
05   9.4  13.1   14:00   6.4   06:30   8.9   0.0   0.0   3.9  23.0   03:45   WSW
06   8.0  12.4   15:45   3.2   06:30  10.3   0.0   0.0   3.7  20.0   16:45    SW
07   8.4  11.3   18:15   4.8   23:59   9.9   0.0   0.0   2.4  14.0   17:15   WSW
08   9.5  18.5   16:00   1.7   05:30   8.8   0.0   0.0   1.7   9.0   21:30    SW
09  12.4  19.8   12:00   6.3   23:45   6.1   0.1   0.0   3.5  25.0   17:45    SW
10   8.2  12.2   17:45   5.0   07:00   9.7   0.0   0.0   2.6  16.0   00:30    SW
11   8.6  10.9   16:45   5.2   03:00   9.7   0.0   0.0   6.3  27.0   19:30   WSW
12   9.7  14.1   16:00   5.6   23:45   8.4   0.0   0.0   6.1  25.0   03:30   WSW
13   7.7  12.3   15:45   4.2   04:15  10.6   0.0   0.0   4.4  18.0   16:00    SW
14   7.9  22.1   14:30   5.8   23:00   9.8   0.0   0.4   3.2  17.0   14:30   SSW
15   7.3  12.6   16:00   3.7   05:45  11.1   0.0   0.0   4.6  22.0   14:15    SW
16   5.3   7.7   13:00   3.6   04:15  13.1   0.0   4.8   2.4  14.0   09:30    NW
17   5.6  10.6   16:15   1.7   23:59  12.8   0.0   0.6   1.4  17.0   21:30     N
18   5.2  10.1   16:30  -0.7   06:15  13.2   0.0   0.0   1.5  10.0   10:00   SSW
19   8.5  12.8   16:45   4.9   04:00   9.8   0.0   0.0   2.3  12.0   16:30    SW
20  11.9  16.2   15:00   9.4   06:00   6.4   0.0   0.0   3.9  20.0   15:00    SE
21  10.4  14.2   16:45   6.8   23:59   7.9   0.0   2.2   3.5  21.0   12:45   SSW
22   7.3  10.9   13:30   5.1   06:45  11.1   0.0   0.0   1.3   4.5   12:45     S
23   8.7  14.6   14:33   6.2   01:07   9.6   0.0   0.0   3.0  21.0   22:47    SW
24   6.2  10.5   12:30   0.4   23:58  12.1   0.0   1.8   4.3  23.0   18:34   WNW
25   3.3   8.0   15:57  -1.0   02:49  15.0   0.0   2.6   5.2  24.0   13:12     N
26   4.5   8.6   13:48   0.7   04:35  13.8   0.0   0.2   2.9  15.0   13:01     N
27   7.1  13.0   15:32   3.7   01:15  11.2   0.0   0.6   3.0  15.0   04:35   WNW
28   7.1  12.3   14:07   2.8   06:23  11.1   0.0   0.0   1.4   9.0   08:37   NNE
29   9.7  13.7   13:30   5.8   02:29   8.5   0.0   0.0   1.1  10.0   14:30   SSE
30   9.8  12.1   13:57   8.2   22:06   8.4   0.0   0.0   2.7  22.0   12:33     E
----------------------------------------------------------------------------------
     8.3  22.1    14    -1.0    25   300.5   0.1  14.2   3.1  27.0    11      SW

Max >=  27.0  0
Max <=   0.0  0
Min <=   0.0  2
Min <= -18.0  0
Max Rain: 4.8 on day 16
Days of Rain: 10 (>= 0.2 mm)  3 (>= 2.0 mm)  0 (>= 20.0 mm)
Heat Base: 18.3  Cool Base: 18.3  Method: Integration