Climatological Summary Reports

Select a Year or Month report
2018: Jan Feb Mar Apr May Jun Jul Aug Sep Oct Nov Dec
2017: Jan Feb Mar Apr May Jun Jul Aug Sep Oct Nov Dec

Report for 2017 March
                   Monthly Climatological Summary for Mar 2017

Name: Westerhope   City: Newcastle upon Tyne   State: Tyne and Wear
Elevation: 120 m  Lat: N 55 00 00   Lon: W 001 42 00

                  Temperature (°C), Rain (mm), Wind Speed (mph)

                                      Heat  Cool        Avg
    Mean                              Deg   Deg         Wind                 Dom
Day Temp  High   Time   Low    Time   Days  Days  Rain  Speed High   Time    Dir
----------------------------------------------------------------------------------
 1   3.3   7.8   13:30   0.5    2:30  15.0   0.0   0.0   3.0  18.0   11:15    SW
 2   4.4   8.3   15:00   1.7    7:00  13.9   0.0   0.0   5.4  26.0   14:30    SW
 3   5.2   7.9   12:15   3.5    4:15  13.2   0.0   8.4   1.4  13.0   20:30     E
 4   6.8  10.3   16:30   4.6   23:15  11.5   0.0   5.6   0.9   9.0    1:30   SSW
 5   5.5  11.1   13:45   2.7   22:45  12.8   0.0   0.0   1.2  11.0    7:00   SSW
 6   5.2   9.4   15:15   2.6    6:00  13.1   0.0   5.6   1.5  11.0   10:45   WSW
 7   5.6  10.0   16:15   2.0    4:15  12.7   0.0   1.8   2.2  13.0   10:15    SW
 8   7.7  11.4   13:45   4.2    6:30  10.6   0.0  11.2   5.6  30.0   13:00    SW
 9   8.6  12.6   14:30   4.8   00:00   9.8   0.0   0.0   4.2  26.0    9:00    SW
10   7.8  11.9   14:45   3.6    3:00  10.4   0.0   0.0   1.4  12.0   15:45   SSW
11   9.6  10.9   12:45   8.3    6:45   8.7   0.0   4.8   0.8  11.0    0:45   SSW
12   9.6  13.5   13:30   5.8   00:00   8.7   0.0   2.2   1.8  12.0   13:30    SW
13   8.6  12.4   13:45   4.3    5:30   9.7   0.0   0.0   4.2  21.0    8:15    SW
14  10.7  13.0   12:45   6.6   00:00   7.6   0.0   0.0   6.8  33.0    3:15    SW
15   8.4  13.5   16:00   5.1    6:15   9.9   0.0   0.0   2.8  12.0   10:15    SW
16   8.3  12.6   13:00   3.8   22:30  10.0   0.0   0.0   5.3  24.0   13:30    SW
17   7.4  10.0   20:00   4.1    0:45  10.9   0.0   0.8   7.4  28.0   23:00    SW
18   9.0  12.2   14:45   6.0    7:00   9.3   0.0   2.8   2.9  20.0   16:00    SW
19  10.6  13.7   14:15   5.9   00:00   7.7   0.0   0.6   6.5  31.0    4:00    SW
20   7.5  10.4   13:45   3.6   21:30  10.8   0.0   0.0   6.0  29.0   14:15    SW
21   4.3   7.9   15:30   1.7   00:00  14.0   0.0   0.2   7.6  33.0    9:45    SW
22   4.2   7.2   14:15   0.7    3:30  14.1   0.0  22.4   3.5  21.0   19:30     E
23   5.7   7.3   14:00   4.2    0:15  12.6   0.0   4.0   3.1  16.0    2:00     E
24   6.6  12.8   16:00   1.3    6:30  11.7   0.0   0.0   0.8   9.0   14:00    SW
25   8.4  18.3   15:30   1.3    6:15   9.8   0.0   0.0   1.8   9.0    1:15    SW
26   7.3  13.8   14:15   1.5    7:00  10.5   0.0   0.0   1.0  12.0   14:30     E
27   5.9  10.8   15:45   1.4    7:15  12.4   0.0   0.0   1.1   9.0   12:45     E
28   8.2  12.8   15:15   5.1    7:15  10.1   0.0   0.2   1.3   9.0    0:30   SSW
29  10.3  13.5   17:00   5.8    7:15   8.0   0.0   0.4   1.5  13.0   21:30    SW
30  13.7  16.8   14:15  11.9    6:15   4.7   0.0   0.2   3.6  22.0   15:30    SW
31  12.6  14.7   15:30   9.9   00:00   5.8   0.0   0.0   4.8  26.0   12:15    SW
-------------------------------------------------------------------------------------
     7.6  18.3    25     0.5     1   329.9   0.0  71.2   3.3  33.0    14      SW


Max >=  32.0  0
Max <=   0.0  0
Min <=   0.0  0
Min <= -18.0  0
Max Rain: 22.40 on day 22
Days of Rain: 16 (>= 0.2 mm)  9 (>= 2.0 mm)  1 (>= 20.0 mm)
Heat Base: 18.3  Cool Base: 18.3  Method: Integration