Climatological Summary Reports

Select a Year or Month report
2018: Jan Feb Mar Apr May Jun Jul Aug Sep Oct Nov Dec
2017: Jan Feb Mar Apr May Jun Jul Aug Sep Oct Nov Dec

Report for 2017 February
                   Monthly Climatological Summary for Feb 2017

Name: Westerhope   City: Newcastle upon Tyne   State: Tyne and Wear
Elevation: 120 m  Lat: N 55 00 00   Lon: W 001 42 00

                  Temperature (°C), Rain (mm), Wind Speed (mph)

                                      Heat  Cool        Avg
    Mean                              Deg   Deg         Wind                 Dom
Day Temp  High   Time   Low    Time   Days  Days  Rain  Speed High   Time    Dir
----------------------------------------------------------------------------------
 1   6.8   9.7   13:00   5.0    5:45  11.5   0.0   1.8   1.7  16.0   20:45   SSW
 2   9.3  10.6   16:30   6.8    2:15   9.0   0.0   0.0   3.5  24.0   23:30   SSW
 3   7.8   9.9   13:30   6.4    8:30  10.4   0.0   0.0   3.0  21.0    2:15    SW
 4   4.5   8.0   15:00   1.4   00:00  13.8   0.0   6.6   3.1  19.0   12:15    SW
 5   3.5   7.4   13:00   0.9    3:00  14.8   0.0   0.0   1.0  14.0   13:00    SW
 6   2.0   5.1   12:45  -1.6    6:00  16.3   0.0   2.2   1.5  14.0   19:45    SW
 7   4.6   8.9   15:45   2.6    1:30  13.8   0.0   2.8   1.6  15.0    2:15   SSW
 8   2.8   4.8    0:15   0.7   23:15  15.5   0.0   2.8   1.1   9.0    6:00     E
 9   1.4   2.6   12:00   0.5   18:45  16.8   0.0   0.4   1.2  11.0   21:30     E
10   1.4   2.6   16:00   0.4    2:30  16.9   0.0   0.0   2.0  13.0   23:45     E
11   2.9   3.9   22:15   0.9    0:15  15.4   0.0  16.2   4.6  21.0   17:15   ENE
12   2.7   4.0   00:00   1.1    6:00  15.6   0.0   3.4   5.3  23.0   14:30     E
13   4.6   5.2   13:15   3.7    5:45  13.7   0.0   0.0   3.7  16.0    9:15     E
14   5.4   8.2   14:45   4.6    6:45  12.9   0.0   0.0   1.5  11.0    1:15     E
15   7.3  11.9   13:15   4.3    7:00  11.0   0.0   0.0   1.6  12.0   13:45   SSW
16   7.9  10.1   15:00   6.6   00:00  10.4   0.0   0.0   5.9  25.0    9:00    SW
17   7.4  11.3   13:15   4.8    5:00  10.9   0.0   0.0   2.0  11.0    1:00    SW
18   9.5  12.1   12:00   7.6    1:30   8.8   0.0   0.0   4.3  23.0   14:30    SW
19   9.1  11.4   23:30   6.9    5:15   9.2   0.0   0.0   5.8  23.0   22:00    SW
20  10.8  13.2   15:30   7.2   00:00   7.5   0.0   0.0   6.4  30.0    8:00    SW
21   8.7  12.5   20:15   5.1    8:00   9.6   0.0   0.0   6.4  39.0   21:00    SW
22   6.7  11.0    0:15   5.3   23:45  11.6   0.0   0.0   7.1  33.0   11:30    SW
23   3.9   8.1   10:45   1.8   22:15  14.4   0.0  13.4   3.3  28.0   13:00     N
24   4.1   6.9   15:00   1.4    7:15  14.2   0.0   0.2   2.5  14.0   18:45    SW
25   9.0  12.3   15:30   4.7    0:15   9.3   0.0   0.4   6.5  26.0    9:15    SW
26   7.7  11.5   16:00   4.6   00:00  10.6   0.0   0.8   5.6  28.0   12:30    SW
27   3.9   7.4   13:30   1.3   18:45  14.3   0.0   5.0   1.5  16.0    1:45   SSW
28   2.9   8.1   15:15   0.2    7:45  15.3   0.0   0.2   2.7  18.0   11:45    SW
-------------------------------------------------------------------------------------
     5.7  13.2    20    -1.6     6   353.7   0.0  56.2   3.4  39.0    21      SW

Max >=  32.0  0
Max <=   0.0  0
Min <=   0.0  1
Min <= -18.0  0
Max Rain: 16.21 on day 11
Days of Rain: 14 (>= 0.2 mm)  8 (>= 2.0 mm)  0 (>= 20.0 mm)
Heat Base: 18.3  Cool Base: 18.3  Method: Integration