Climatological Summary Reports

Select a Year or Month report
2018: Jan Feb Mar Apr May Jun Jul Aug Sep Oct Nov Dec
2017: Jan Feb Mar Apr May Jun Jul Aug Sep Oct Nov Dec

Report for 2017 January
                   Monthly Climatological Summary for Jan 2017

Name: Westerhope   City: Newcastle upon Tyne   State: Tyne and Wear
Elevation: 120 m  Lat: N 55 00 00   Lon: W 001 42 00

                  Temperature (°C), Rain (mm), Wind Speed (mph)

                                      Heat  Cool        Avg
    Mean                              Deg   Deg         Wind                 Dom
Day Temp  High   Time   Low    Time   Days  Days  Rain  Speed High   Time    Dir
----------------------------------------------------------------------------------
 1   3.2   6.1    0:30   1.4   00:00  15.2   0.0   6.8   3.2   8.7   19:00     N
 2   0.8   4.7   14:00  -1.6    9:00  17.5   0.0   0.0   2.5   7.5   17:00    SW
 3   5.2   7.1   16:30   1.3    0:30  13.1   0.0   0.8   5.7  15.5   17:30    SW
 4   3.6   7.0    1:00   1.7    9:30  14.4   0.0   0.0   3.0  11.0   19:30     N
 5   1.3   5.4   14:00  -1.2    9:30  16.8   0.0   0.0   1.5  13.0   00:00   WSW
 6   6.1   8.8   20:15   2.1    1:00  12.2   0.0   4.0   3.0  14.0   12:00    SW
 7   7.7   8.7    1:15   6.6   22:30  10.6   0.0   0.2   1.5  10.0    2:30   WSW
 8   7.2   9.5   14:15   5.2   10:00  11.1   0.0   0.0   2.3  14.0    3:15    SW
 9   7.2   9.9    5:45   4.9   19:15  11.1   0.0   0.6   6.3  27.0    6:45    SW
10   7.0   8.9   17:15   5.0    6:45  11.3   0.0   0.0   5.8  24.0    0:30    SW
11   5.6  11.6    2:00   2.4   22:00  12.7   0.0   0.2   8.3  45.0    3:00    SW
12   1.3   3.4   13:15  -0.8   23:00  17.0   0.0   0.2   4.9  26.0    0:30    SW
13   0.9   3.3   12:15  -1.3   21:15  17.4   0.0   3.0   5.6  26.0    4:30   NNW
14   1.2   4.4   13:45  -0.6    0:15  17.1   0.0   0.0   2.5  15.0    2:30    SW
15   6.2   9.3   14:15   1.4    0:15  12.2   0.0   7.8   1.8  12.0    8:30   SSW
16   7.8   8.8   14:45   6.9   23:45  10.5   0.0   2.8   1.2   6.0    6:30   WSW
17   7.5   9.9   14:15   5.5    4:45  10.8   0.0   0.0   2.0  12.0   00:00   SSW
18   7.6   8.3   14:00   6.4    3:30  10.8   0.0   0.0   2.9  17.0   15:30    SW
19   6.3   7.6   12:30   5.3    5:00  11.8   0.0   0.0   1.2  11.0   16:30    SW
20   4.4   5.4    0:15   2.6   00:00  13.9   0.0   0.0   1.0   9.0   11:15   WSW
21   2.7   4.2   14:30   0.3    8:30  15.6   0.0   0.0   0.8   9.0   12:15   SSW
22   2.2   3.2    0:15   1.1    9:30  16.1   0.0   0.0   1.7  11.0   12:45    SW
23   3.1   6.6   14:00   0.3    9:15  15.2   0.0   0.0   2.2  10.0    5:30    SW
24   6.2   9.4   13:30   2.1    2:15  12.1   0.0   0.0   3.0  16.0    5:15    SW
25   5.8   9.1    2:45   1.3   23:45  12.5   0.0   0.0   3.2  21.0   22:15    SW
26  -0.5   1.4    0:30  -2.2   23:30  18.8   0.0   0.0   3.5  20.0   22:00   SSW
27  -1.0   1.4   23:45  -3.4    5:15  18.7   0.0   0.0   2.5  17.0   17:30   SSW
28   2.8   4.6   14:45   1.3    0:15  15.5   0.0   1.6   2.1  17.0   17:45    SW
29   2.6   7.7   13:15  -0.7   00:00  15.7   0.0   0.2   1.4  11.0   15:00   SSW
30   2.8   6.5   13:45  -1.3    6:15  15.5   0.0   0.0   1.2  13.0   23:45    SW
31   4.4   5.6   19:45   3.6    6:45  13.9   0.0   0.4   2.7  17.0   12:30    SW
-------------------------------------------------------------------------------------
     4.2  11.6    11    -3.4    27   437.0   0.0  28.6   2.9  45.0    11      SW

Max >=  32.0  0
Max <=   0.0  0
Min <=   0.0  9
Min <= -18.0  0
Max Rain: 7.80 on day 15
Days of Rain: 13 (>= 0.2 mm)  5 (>= 2.0 mm)  0 (>= 20.0 mm)
Heat Base: 18.3  Cool Base: 18.3  Method: Integration