Climatological Summary Reports

Select a Year or Month report
2018: Jan Feb Mar Apr May Jun Jul Aug Sep Oct Nov Dec
2017: Jan Feb Mar Apr May Jun Jul Aug Sep Oct Nov Dec

Report for 2017
                   Annual Climatological Summary for 2017

Name: Westerhope   City: Newcastle upon Tyne   State: Tyne and Wear
Elevation: 120 m  Lat: N 55 00 00   Lon: W 001 42 00

                  Temperature (°C), Heat Base: 18.3  Cool Base: 18.3
                          Dep.  Heat  Cool                       Max  Max  Min  Min
        Mean  Mean        From  Deg   Deg                        >=   <=   <=   <=
 YR MO  Max   Min   Mean  Norm  Days  Days  Hi  Date  Low  Date 27.0  0.0  0.0 -18.0
------------------------------------------------------------------------------------
 17  1   6.7   1.8   4.2   1.2   438     0  11.6  11  -3.4   27    0    0    9    0
 17  2   8.5   3.4   5.7   2.6   354     0  13.2  20  -1.6    6    0    0    1    0
 17  3  11.6   4.1   7.6   2.5   331     0  18.3  25   0.5    1    0    0    0    0
 17  4  13.2   4.5   8.3   1.2   300     0  22.1  14  -1.0   25    0    0    2    0
 17  5  16.8   8.5  12.3   2.4   194     8  26.7  26   4.3    6    0    0    0    0
 17  6  19.0  11.3  14.9   1.9   116    14  28.3  18   7.8   26    2    0    0    0
 17  7  19.1  11.3  14.9   0.4   112     6  23.5  17   7.7    8    0    0    0    0
 17  8  19.4  11.5  15.0   0.6   107     4  23.1  17   7.2   21    0    0    0    0
 17  9  16.8   9.4  12.6  -0.1   172     0  20.8  28   3.6   19    0    0    0    0
 17 10  14.5   8.9  11.6   2.0   207     0  19.3  13   0.8   30    0    0    0    0
 17 11   8.8   3.0   5.8  -0.2   375     0  14.2  22  -0.8   30    0    0    4    0
 17 12   6.8   1.8   4.2   0.4   437     0  13.3   7  -6.1   11    0    0   12    0
------------------------------------------------------------------------------------
        13.4   6.6   9.7   1.2  3143    32  28.3 Jun  -6.1  Dec    2    0   28    0

                                Precipitation (mm)

              Dep.   Max        Days of Rain
              From   Obs.           >=
 YR MO Total  Norm   Day Date  0.2  2.0 20.0
---------------------------------------------
 17  1  28.6 -16.9   7.8  15    13    5    0
 17  2  56.2  18.4  16.2  11    14    8    0
 17  3  71.2  27.3  22.4  22    16    9    1
 17  4  14.2 -31.2   4.8  16    10    3    0
 17  5  21.2 -22.0   6.0  15    10    4    0
 17  6 131.6  79.7  43.0   6    14   11    1
 17  7  87.4  39.8  29.4   4    18    9    1
 17  8  32.8 -26.8  11.0   2    17    5    0
 17  9  79.6  26.6  21.8  13    23   10    1
 17 10  33.8 -19.8   7.2  19    20    6    0
 17 11  45.4 -17.4  11.2  22    13    7    0
 17 12  34.4 -18.5   6.4   1    13    7    0
---------------------------------------------
       636.4  39.2  43.0  Jun  181   84    4

                                Wind Speed (mph)
                          Dom
 YR MO   Avg.  Hi   Date  Dir
------------------------------
 17  1   2.9  45.0   11    SW
 17  2   3.4  39.0   21   SSW
 17  3   3.3  33.0   14    SW
 17  4   3.1  27.0   11    SW
 17  5   2.7  26.0   16     S
 17  6   3.2  27.0   11    SW
 17  7   2.7  23.0    2    SW
 17  8   2.9  27.0   19    SW
 17  9   2.2  25.0   10    SW
 17 10   3.9  35.0    2    SW
 17 11   3.4  28.0   21   WSW
 17 12   3.9  34.0   23    SW
------------------------------
         3.1  45.0  Jan    SW