Climatological Summary Reports

Select a Year or Month report
2018: Jan Feb Mar Apr May Jun Jul Aug Sep Oct Nov Dec
2017: Jan Feb Mar Apr May Jun Jul Aug Sep Oct Nov Dec

Report for 2018 April
                   Monthly Climatological Summary for Apr 2018

Name: Westerhope   City: Newcastle upon Tyne   State: Tyne and Wear
Elevation: 120 m  Lat: N 55 00 00   Lon: W 001 42 00

                  Temperature (°C), Rain (mm), Wind Speed (mph)

                                      Heat  Cool        Avg
    Mean                              Deg   Deg         Wind                 Dom
Day Temp  High   Time   Low    Time   Days  Days  Rain  Speed High   Time    Dir
----------------------------------------------------------------------------------
01   3.3   6.5   12:04   1.8   03:44  15.0   0.0   0.2   2.0  11.0   02:21    NE
02   2.0   3.6   23:43   0.6   09:56  16.3   0.0  14.8   3.2  17.0   12:00     E
03   4.6   8.2   16:23   3.2   05:31  13.7   0.0   1.2   1.1  15.0   23:50    NE
04   4.7   8.9   14:11   0.8   21:21  13.6   0.0   7.4   3.5  24.0   22:42     N
05   4.8  10.4   17:12  -0.8   05:59  13.5   0.0   0.2   3.1  17.0   13:14     W
06   8.1  12.6   15:30   4.6   07:59  10.0   0.0   0.0   2.1  20.0   13:33     S
07   8.3  12.2   11:44   6.3   06:56  10.0   0.0   4.6   1.4   9.0   00:40   WNW
08   8.8  12.8   14:49   5.9   07:18   9.5   0.0   0.0   2.2  10.0   07:14    SW
09   8.4  16.1   15:17   5.2   07:10   9.9   0.0   0.0   2.1  13.0   14:29     S
10   5.4   5.9   00:00   5.1   10:04  12.9   0.0  10.0   3.4  19.0   09:59   ENE
11   4.9   5.6   00:00   4.4   20:22  13.4   0.0   0.4   2.6  12.0   07:11   ENE
12   4.7   5.2   04:46   4.3   16:52  13.6   0.0   1.8   2.7  13.0   11:05   ENE
13   5.9   7.2   20:33   4.7   00:00  12.4   0.0   2.0   1.4  10.0   01:24    NE
14   9.8  14.8   17:31   6.2   06:58   8.5   0.0   0.0   1.1  10.0   09:58    SW
15   9.3  15.2   14:13   5.8   04:43   9.0   0.0   0.4   1.2  11.0   17:53     E
16  10.7  14.3   14:20   7.4   00:19   7.6   0.0   0.4   3.8  23.0   10:52    SW
17  11.8  14.9   15:44   8.9   06:37   6.5   0.0   0.0   4.7  24.0   11:43   SSW
18  15.0  20.2   16:41  10.1   02:21   3.5   0.2   0.0   2.7  21.0   14:24   SSW
19  16.6  23.5   14:17  10.9   05:39   2.9   1.3   0.0   2.6  15.0   12:30    SW
20  12.6  18.2   15:05   8.8   23:59   5.7   0.0   0.0   3.3  17.0   16:54    SW
21  12.6  19.8   16:17   5.5   06:39   5.7   0.1   0.8   1.6  11.0   14:38     S
22  12.6  15.8   08:53   9.2   22:32   5.7   0.0   0.2   4.3  20.0   10:31    SW
23  10.4  13.9   13:55   8.2   01:11   7.9   0.0   0.2   7.4  24.0   10:21    SW
----------------------------------------------------------------------------------
     8.5  23.5    19    -0.8     5   226.8   1.6  44.6   2.8  24.0     4     SSW

Max >=  27.0  0
Max <=   0.0  0
Min <=   0.0  1
Min <= -18.0  0
Max Rain: 14.8 on day 2
Days of Rain: 15 (>= 0.2 mm)  5 (>= 2.0 mm)  0 (>= 20.0 mm)
Heat Base: 18.3  Cool Base: 18.3  Method: Integration